000
CDUS45 KPIH 210731
CLISNT


CLIMATE REPORT
NATIONAL WEATHER SERVICE POCATELLO ID
130 AM MDT TUE APR 21 2015


...................................

...THE STANLEY ID CLIMATE SUMMARY FOR APRIL 20 2015...

CLIMATE NORMAL PERIOD 1981 TO 2010
CLIMATE RECORD PERIOD 1916 TO 2015


WEATHER ITEM   OBSERVED TIME   RECORD YEAR NORMAL DEPARTURE LAST
                VALUE   (LST)  VALUE       VALUE  FROM      YEAR
                                                  NORMAL
..................................................................
TEMPERATURE (F)
 YESTERDAY
  MAXIMUM         62    512 PM  71    1994  49     13       52
  MINIMUM         21    617 AM  -8    1927  21      0       24
  AVERAGE         42                        35      7       38

PRECIPITATION (IN)
  YESTERDAY        0.00          0.45 1965   0.05  -0.05     0.00
  MONTH TO DATE    1.00                      1.14  -0.14     1.20
  SINCE OCT 1     12.18                     11.11   1.07    14.34
  SINCE JAN 1      5.47                      6.26  -0.79    10.73

SNOWFALL (IN)
  YESTERDAY       MM
  MONTH TO DATE   MM
  SINCE MAR 1     MM
  SINCE JUL 1     MM
  SNOW DEPTH      MM

DEGREE DAYS
 HEATING
  YESTERDAY       23                        30     -7       27
  MONTH TO DATE  600                       658    -58      647
  SINCE MAR 1   1536                      1842   -306     1794
  SINCE JUL 1   7914                      9376  -1462     8962

 COOLING
  YESTERDAY        0                         0      0        0
  MONTH TO DATE    0                         0      0        0
  SINCE MAR 1      0                         0      0        0
  SINCE JAN 1      0                         0      0        0
..................................................................


WIND (MPH)
  HIGHEST WIND SPEED    12   HIGHEST WIND DIRECTION    NW (320)
  HIGHEST GUST SPEED    17   HIGHEST GUST DIRECTION    NW (320)
  AVERAGE WIND SPEED     3.6


SKY COVER
  POSSIBLE SUNSHINE  MM
  AVERAGE SKY COVER 0.0


WEATHER CONDITIONS
 THE FOLLOWING WEATHER WAS RECORDED YESTERDAY.
  NO SIGNIFICANT WEATHER WAS OBSERVED.


RELATIVE HUMIDITY (PERCENT)
 HIGHEST    81           300 AM
 LOWEST     19           200 PM
 AVERAGE    50

..........................................................


THE STANLEY ID CLIMATE NORMALS FOR TODAY
                         NORMAL    RECORD    YEAR
 MAXIMUM TEMPERATURE (F)   49        74      1994
 MINIMUM TEMPERATURE (F)   21        -6      1982


SUNRISE AND SUNSET
APRIL 21 2015.........SUNRISE   647 AM MDT   SUNSET   831 PM MDT
APRIL 22 2015.........SUNRISE   645 AM MDT   SUNSET   832 PM MDT


-  INDICATES NEGATIVE NUMBERS.
R  INDICATES RECORD WAS SET OR TIED.
MM INDICATES DATA IS MISSING.
T  INDICATES TRACE AMOUNT.




$$
