000
CDUS44 KOUN 050634
CLISPS

CLIMATE REPORT
NATIONAL WEATHER SERVICE NORMAN OK
131 AM CDT TUE MAY 5 2015


...................................

...THE WICHITA FALLS CLIMATE SUMMARY FOR MAY 4 2015...

CLIMATE NORMAL PERIOD 1981 TO 2010
CLIMATE RECORD PERIOD 1897 TO 2015


WEATHER ITEM   OBSERVED TIME   RECORD YEAR NORMAL DEPARTURE LAST
                VALUE   (LST)  VALUE       VALUE  FROM      YEAR
                                                  NORMAL
..................................................................
TEMPERATURE (F)
 YESTERDAY
  MAXIMUM         81    327 PM  99    2014  81      0       99
  MINIMUM         60    304 AM  37    2013  56      4       56
  AVERAGE         71                        68      3       78

PRECIPITATION (IN)
  YESTERDAY        0.00          2.13 1935   0.11  -0.11     0.00
  MONTH TO DATE    0.00                      0.45  -0.45     0.00
  SINCE JAN 1      8.11                      8.15  -0.04     4.02

DEGREE DAYS
 COOLING
  YESTERDAY        6                         5      1       13
  MONTH TO DATE   14                        17     -3       18
  SINCE JAN 1     94                       109    -15      124
..................................................................


WIND (MPH)
  HIGHEST WIND SPEED    23   HIGHEST WIND DIRECTION    SE (140)
  HIGHEST GUST SPEED    28   HIGHEST GUST DIRECTION     S (200)
  AVERAGE WIND SPEED    12.8


SKY COVER
  AVERAGE SKY COVER 0.3


WEATHER CONDITIONS
 THE FOLLOWING WEATHER WAS RECORDED YESTERDAY.
  HAZE


RELATIVE HUMIDITY (PERCENT)
 HIGHEST    90           600 AM
 LOWEST     45           600 PM
 AVERAGE    68

..........................................................


THE WICHITA FALLS CLIMATE NORMALS FOR TODAY
                         NORMAL    RECORD    YEAR
 MAXIMUM TEMPERATURE (F)   81       102      2014
 MINIMUM TEMPERATURE (F)   56        39      1979


SUNRISE AND SUNSET
MAY  5 2015...........SUNRISE   641 AM CDT   SUNSET   821 PM CDT
MAY  6 2015...........SUNRISE   640 AM CDT   SUNSET   821 PM CDT


-  INDICATES NEGATIVE NUMBERS.
R  INDICATES RECORD WAS SET OR TIED.
MM INDICATES DATA IS MISSING.
T  INDICATES TRACE AMOUNT.




$$
