000
CDUS42 KJAX 260534
CLISSI


CLIMATE REPORT
NATIONAL WEATHER SERVICE JACKSONVILLE FL
133 AM EDT SUN APR 26 2015


...................................

...THE ST SIMONS ISLAND CLIMATE SUMMARY FOR APRIL 25 2015...

CLIMATE NORMAL PERIOD 1981 TO 2010
CLIMATE RECORD PERIOD 1948 TO 2015


WEATHER ITEM   OBSERVED TIME   RECORD YEAR NORMAL DEPARTURE LAST
                VALUE   (LST)  VALUE       VALUE  FROM      YEAR
                                                  NORMAL
..................................................................
TEMPERATURE (F)
 YESTERDAY
  MAXIMUM         82    315 PM  90    2002  77      5       83
  MINIMUM         67    119 AM  45    2005  60      7       65
  AVERAGE         75                        69      6       74

PRECIPITATION (IN)
  YESTERDAY        0.09          2.94 1982   0.07   0.02     0.00
  MONTH TO DATE    3.36                      2.17   1.19     7.92
  SINCE MAR 1      5.73                      6.05  -0.32    10.46
  SINCE JAN 1     11.45                     12.74  -1.29    16.94

SNOWFALL (IN)
  YESTERDAY        0.0           0.0    MM                   0.0
  MONTH TO DATE    0.0                                       0.0
  SINCE MAR 1      0.0                                       0.0
  SINCE JUL 1      0.0                                        T
  SNOW DEPTH       0

DEGREE DAYS
 HEATING
  YESTERDAY        0                         1     -1        0
  MONTH TO DATE    0                        52    -52       37
  SINCE MAR 1    114                       229   -115      265
  SINCE JUL 1   1494                      1480     14     1493

 COOLING
  YESTERDAY       10                         5      5        9
  MONTH TO DATE  152                        77     75       71
  SINCE MAR 1    182                       108     74       85
  SINCE JAN 1    188                       117     71       93
..................................................................


WIND (MPH)
  HIGHEST WIND SPEED    21   HIGHEST WIND DIRECTION    SW (230)
  HIGHEST GUST SPEED    29   HIGHEST GUST DIRECTION     W (250)
  AVERAGE WIND SPEED     9.1


SKY COVER
  POSSIBLE SUNSHINE  MM
  AVERAGE SKY COVER 0.3


WEATHER CONDITIONS
 THE FOLLOWING WEATHER WAS RECORDED YESTERDAY.
  THUNDERSTORM
  LIGHT RAIN
  FOG


RELATIVE HUMIDITY (PERCENT)
 HIGHEST    93          1100 AM
 LOWEST     69           300 PM
 AVERAGE    81

..........................................................


THE ST SIMONS ISLAND CLIMATE NORMALS FOR TODAY
                         NORMAL    RECORD    YEAR
 MAXIMUM TEMPERATURE (F)   77        91      1989
 MINIMUM TEMPERATURE (F)   61        49      1974


SUNRISE AND SUNSET
APRIL 26 2015.........SUNRISE   646 AM EDT   SUNSET   801 PM EDT
APRIL 27 2015.........SUNRISE   645 AM EDT   SUNSET   802 PM EDT


-  INDICATES NEGATIVE NUMBERS.
R  INDICATES RECORD WAS SET OR TIED.
MM INDICATES DATA IS MISSING.
T  INDICATES TRACE AMOUNT.




$$
