000
CDUS43 KEAX 261231
CLISTJ


CLIMATE REPORT
NATIONAL WEATHER SERVICE KANSAS CITY/PLEASANT HILL MO
731 AM CDT SUN APR 26 2015


...................................

...THE ST. JOSEPH MO CLIMATE SUMMARY FOR APRIL 26 2015...
VALID AS OF 0700 AM LOCAL TIME.

CLIMATE NORMAL PERIOD 1981 TO 2010
CLIMATE RECORD PERIOD 1892 TO 2015


WEATHER ITEM   OBSERVED TIME   RECORD YEAR NORMAL DEPARTURE LAST
                VALUE   (LST)  VALUE       VALUE  FROM      YEAR
                                                  NORMAL
..................................................................
TEMPERATURE (F)
 TODAY
  MAXIMUM         49    228 AM  94    1989  69    -20       82
  MINIMUM         48    559 AM  31    1950  46      2       50
  AVERAGE         49                        57     -8       66

PRECIPITATION (IN)
  TODAY            0.00          2.00 2009   0.15  -0.15     0.00
  MONTH TO DATE    2.85                      3.07  -0.22     3.38
  SINCE MAR 1      4.18                      5.32  -1.14     3.79
  SINCE JAN 1      5.93                      6.81  -0.88     4.61

DEGREE DAYS
 HEATING
  TODAY           16                         8      8        0
  MONTH TO DATE  247                       314    -67      338
  SINCE MAR 1    854                       999   -145     1164
  SINCE JUL 1   5378                      5307     71     6104

 COOLING
  TODAY            0                         1     -1        1
  MONTH TO DATE    4                        19    -15        7
  SINCE MAR 1      5                        21    -16        7
  SINCE JAN 1      5                        21    -16        7
..................................................................


WIND (MPH)
  HIGHEST WIND SPEED    15   HIGHEST WIND DIRECTION    NE (50)
  HIGHEST GUST SPEED    21   HIGHEST GUST DIRECTION    NE (40)
  AVERAGE WIND SPEED     9.5


SKY COVER
  AVERAGE SKY COVER 1.0


WEATHER CONDITIONS
 THE FOLLOWING WEATHER WAS RECORDED TODAY.
  FOG
  HAZE


RELATIVE HUMIDITY (PERCENT)
 HIGHEST    93          1200 AM
 LOWEST     80           500 AM
 AVERAGE    87

..........................................................


THE ST. JOSEPH MO CLIMATE NORMALS FOR TOMORROW
                         NORMAL    RECORD    YEAR
 MAXIMUM TEMPERATURE (F)   69        93      1989
 MINIMUM TEMPERATURE (F)   46        30      1967


SUNRISE AND SUNSET
APRIL 26 2015.........SUNRISE   627 AM CDT   SUNSET   809 PM CDT
APRIL 27 2015.........SUNRISE   626 AM CDT   SUNSET   810 PM CDT


-  INDICATES NEGATIVE NUMBERS.
R  INDICATES RECORD WAS SET OR TIED.
MM INDICATES DATA IS MISSING.
T  INDICATES TRACE AMOUNT.




$$
