000
CDUS44 KBMX 250813
CLITCL


CLIMATE REPORT
NATIONAL WEATHER SERVICE BIRMINGHAM, AL
313 AM CDT SAT APR 25 2015


...................................

...THE TUSCALOOSA CLIMATE SUMMARY FOR APRIL 24 2015...

CLIMATE NORMAL PERIOD 1994 TO 1994
CLIMATE RECORD PERIOD 1994 TO 2015


WEATHER ITEM   OBSERVED TIME   RECORD YEAR NORMAL DEPARTURE LAST
                VALUE   (LST)  VALUE       VALUE  FROM      YEAR
                                                  NORMAL
..................................................................
TEMPERATURE (F)
 YESTERDAY
  MAXIMUM         75   1243 PM  89    1960  78     -3       84
                                      1949
  MINIMUM         49    459 AM  36    1986  53     -4       49
  AVERAGE         62                        66     -4       67

PRECIPITATION (IN)
  YESTERDAY        T             3.09 2003   0.13  -0.13     0.13
  MONTH TO DATE    8.02                      3.40   4.62     7.18
  SINCE MAR 1     11.46                      7.94   3.52    12.46
  SINCE JAN 1     22.21                     18.61   3.60    20.18

SNOWFALL (IN)
  YESTERDAY        0.0                       0.0    0.0
  MONTH TO DATE    0.0                       0.0    0.0
  SINCE MAR 1      T                         0.3   -0.3
  SINCE JUL 1      T                         0.7   -0.7

DEGREE DAYS
 HEATING
  YESTERDAY        3                         2      1
  MONTH TO DATE   33                       108    -75
  SINCE MAR 1    248                       402   -154
  SINCE JUL 1   2543                      2492     51
..................................................................


WIND (MPH)
  HIGHEST WIND SPEED     9   HIGHEST WIND DIRECTION     E (80)
  HIGHEST GUST SPEED    13   HIGHEST GUST DIRECTION     S (170)
  AVERAGE WIND SPEED     3.4


SKY COVER
  AVERAGE SKY COVER 0.3


WEATHER CONDITIONS
 THE FOLLOWING WEATHER WAS RECORDED YESTERDAY.
  NO SIGNIFICANT WEATHER WAS OBSERVED.


RELATIVE HUMIDITY (PERCENT)
 HIGHEST   100          1200 AM
 LOWEST     31          1100 AM
 AVERAGE    66

..........................................................


THE TUSCALOOSA CLIMATE NORMALS FOR TODAY
                         NORMAL    RECORD    YEAR
 MAXIMUM TEMPERATURE (F)   78        87      2009
                                             1954
 MINIMUM TEMPERATURE (F)   53        39      2005


SUNRISE AND SUNSET
APRIL 25 2015.........SUNRISE   609 AM CDT   SUNSET   728 PM CDT
APRIL 26 2015.........SUNRISE   608 AM CDT   SUNSET   729 PM CDT


-  INDICATES NEGATIVE NUMBERS.
R  INDICATES RECORD WAS SET OR TIED.
MM INDICATES DATA IS MISSING.
T  INDICATES TRACE AMOUNT.




$$
