000
CDUS41 KCLE 210535
CLITOL


CLIMATE REPORT
NATIONAL WEATHER SERVICE CLEVELAND OH
134 AM EDT TUE APR 21 2015


...................................

...THE TOLEDO OH CLIMATE SUMMARY FOR APRIL 20 2015...

CLIMATE NORMAL PERIOD 1981 TO 2010
CLIMATE RECORD PERIOD 1873 TO 2015


WEATHER ITEM   OBSERVED TIME   RECORD YEAR NORMAL DEPARTURE LAST
                VALUE   (LST)  VALUE       VALUE  FROM      YEAR
                                                  NORMAL
..................................................................
TEMPERATURE (F)
 YESTERDAY
  MAXIMUM         60    126 PM  84    1985  62     -2       73
  MINIMUM         45   1159 PM  21    1897  40      5       34
  AVERAGE         53                        51      2       54

PRECIPITATION (IN)
  YESTERDAY        0.09                      0.10  -0.01     0.00
  MONTH TO DATE    2.44                      2.13   0.31     2.20
  SINCE MAR 1      3.78                      4.61  -0.83     3.59
  SINCE JAN 1      7.40                      8.73  -1.33    10.77

SNOWFALL (IN)
  YESTERDAY        0.0                       0.1   -0.1      0.0
  MONTH TO DATE    0.0                       1.2   -1.2      1.0
  SINCE MAR 1      5.4                       6.9   -1.5     12.8
  SINCE JUL 1     45.7                      37.4    8.3     86.3
  SNOW DEPTH       0

DEGREE DAYS
 HEATING
  YESTERDAY       12                        14     -2       11
  MONTH TO DATE  281                       353    -72      354
  SINCE MAR 1   1271                      1203     68     1472
  SINCE JUL 1   6527                      5779    748     6798

 COOLING
  YESTERDAY        0                         0      0        0
  MONTH TO DATE    0                         0      0        2
  SINCE MAR 1      0                         0      0        2
  SINCE JAN 1      0                         0      0        2
..................................................................


WIND (MPH)
  HIGHEST WIND SPEED    33   HIGHEST WIND DIRECTION    SW (230)
  HIGHEST GUST SPEED    48   HIGHEST GUST DIRECTION    SW (230)
  AVERAGE WIND SPEED    19.1


SKY COVER
  POSSIBLE SUNSHINE  MM
  AVERAGE SKY COVER 0.9


WEATHER CONDITIONS
 THE FOLLOWING WEATHER WAS RECORDED YESTERDAY.
  RAIN
  LIGHT RAIN
  FOG


RELATIVE HUMIDITY (PERCENT)
 HIGHEST    90           300 AM
 LOWEST     53          1100 PM
 AVERAGE    72

..........................................................


THE TOLEDO OH CLIMATE NORMALS FOR TODAY
                         NORMAL    RECORD    YEAR
 MAXIMUM TEMPERATURE (F)   62        87      1987
 MINIMUM TEMPERATURE (F)   41        22      1875


SUNRISE AND SUNSET
APRIL 21 2015.........SUNRISE   647 AM EDT   SUNSET   822 PM EDT
APRIL 22 2015.........SUNRISE   645 AM EDT   SUNSET   823 PM EDT


-  INDICATES NEGATIVE NUMBERS.
R  INDICATES RECORD WAS SET OR TIED.
MM INDICATES DATA IS MISSING.
T  INDICATES TRACE AMOUNT.




$$
