000
CDUS45 KLKN 050935
CLITPH


CLIMATE REPORT
NATIONAL WEATHER SERVICE ELKO NV
235 AM PDT TUE MAY 5 2015


...................................

...THE TONOPAH AIRPORT NV CLIMATE SUMMARY FOR MAY 4 2015...

CLIMATE NORMAL PERIOD 1981 TO 2010
CLIMATE RECORD PERIOD 1954 TO 2015


WEATHER ITEM   OBSERVED TIME   RECORD YEAR NORMAL DEPARTURE LAST
                VALUE   (LST)  VALUE       VALUE  FROM      YEAR
                                                  NORMAL
..................................................................
TEMPERATURE (F)
 YESTERDAY
  MAXIMUM         77    229 PM  87    2004  70      7       82
  MINIMUM         49    555 AM  27    1965  40      9       41
                                      1964
  AVERAGE         63                        55      8       62

PRECIPITATION (IN)
  YESTERDAY        T             0.22 1967   0.02  -0.02     0.00
  MONTH TO DATE    T                         0.06  -0.06     0.00
  SINCE OCT 1      1.05                      3.15  -2.10     1.33
  SINCE JAN 1      0.57                      2.06  -1.49     0.87

DEGREE DAYS
 HEATING
  YESTERDAY        2                        10     -8        3
  MONTH TO DATE    8                        42    -34       11
  SINCE MAR 1    894                      1193   -299     1005
  SINCE JUL 1   4016                      5235  -1219     4778

 COOLING
  YESTERDAY        0                         0      0        0
  MONTH TO DATE    0                         0      0        0
  SINCE MAR 1      0                         1     -1        0
  SINCE JAN 1      0                         1     -1        0
..................................................................


WIND (MPH)
  HIGHEST WIND SPEED    32   HIGHEST WIND DIRECTION    SE (140)
  HIGHEST GUST SPEED    41   HIGHEST GUST DIRECTION    SE (140)
  AVERAGE WIND SPEED    10.2



WEATHER CONDITIONS
 THE FOLLOWING WEATHER WAS RECORDED YESTERDAY.
  LIGHT RAIN


RELATIVE HUMIDITY (PERCENT)
 HIGHEST    MM
 LOWEST     MM
 AVERAGE    MM

..........................................................


THE TONOPAH AIRPORT NV CLIMATE NORMALS FOR TODAY
                         NORMAL    RECORD    YEAR
 MAXIMUM TEMPERATURE (F)   71        85      1989
 MINIMUM TEMPERATURE (F)   40        25      1961


SUNRISE AND SUNSET
MAY  5 2015...........SUNRISE   548 AM PDT   SUNSET   743 PM PDT
MAY  6 2015...........SUNRISE   547 AM PDT   SUNSET   744 PM PDT


-  INDICATES NEGATIVE NUMBERS.
R  INDICATES RECORD WAS SET OR TIED.
MM INDICATES DATA IS MISSING.
T  INDICATES TRACE AMOUNT.




$$
