000
CDUS45 KTWC 260749
CLITUS

CLIMATE REPORT
NATIONAL WEATHER SERVICE TUCSON AZ
1248 AM MST SUN APR 26 2015


...................................

...THE TUCSON AZ CLIMATE SUMMARY FOR APRIL 25 2015...

CLIMATE NORMAL PERIOD 1981 TO 2010
CLIMATE RECORD PERIOD 1895 TO 2015


WEATHER ITEM   OBSERVED TIME   RECORD YEAR NORMAL DEPARTURE LAST
                VALUE   (LST)  VALUE       VALUE  FROM      YEAR
                                                  NORMAL
..................................................................
TEMPERATURE (F)
 YESTERDAY
  MAXIMUM         82    353 PM  99    1910  85     -3       90
  MINIMUM         53    556 AM  34    1960  55     -2       58
  AVERAGE         68                        70     -2       74

PRECIPITATION (IN)
  YESTERDAY        0.00          0.32 1963   0.01  -0.01     0.00
  MONTH TO DATE    T                         0.28  -0.28      T
  SINCE OCT 1      6.95                      5.20   1.75     3.64
  SINCE JAN 1      3.45                      2.81   0.64     0.59

DEGREE DAYS
 HEATING
  YESTERDAY        0                         1     -1        0
  MONTH TO DATE   11                        55    -44       21
  SINCE MAR 1     58                       234   -176       63
  SINCE JUL 1    900                      1501   -601      896

 COOLING
  YESTERDAY        3                         6     -3        9
  MONTH TO DATE  107                        89     18      150
  SINCE MAR 1    200                       118     82      180
  SINCE JAN 1    208                       122     86      204
..................................................................


WIND (MPH)
  HIGHEST WIND SPEED    23   HIGHEST WIND DIRECTION     W (260)
  HIGHEST GUST SPEED    33   HIGHEST GUST DIRECTION     W (260)
  AVERAGE WIND SPEED     9.2


SKY COVER
  POSSIBLE SUNSHINE  MM
  AVERAGE SKY COVER 0.2


WEATHER CONDITIONS
 THE FOLLOWING WEATHER WAS RECORDED YESTERDAY.
  NO SIGNIFICANT WEATHER WAS OBSERVED.


RELATIVE HUMIDITY (PERCENT)
 HIGHEST    50
 LOWEST     14
 AVERAGE    32

..........................................................


THE TUCSON AZ CLIMATE NORMALS FOR TODAY
                         NORMAL    RECORD    YEAR
 MAXIMUM TEMPERATURE (F)   85        99      1992
 MINIMUM TEMPERATURE (F)   55        34      1921


SUNRISE AND SUNSET
APRIL 26 2015.........SUNRISE   543 AM MST   SUNSET   701 PM MST
APRIL 27 2015.........SUNRISE   542 AM MST   SUNSET   701 PM MST


-  INDICATES NEGATIVE NUMBERS.
R  INDICATES RECORD WAS SET OR TIED.
MM INDICATES DATA IS MISSING.
T  INDICATES TRACE AMOUNT.




$$
