000
CDUS44 KSHV 192156
CLITXK


CLIMATE REPORT
NATIONAL WEATHER SERVICE SHREVEPORT, LA
456 PM CDT SUN APR 19 2015


...................................

...THE TEXARKANA CLIMATE SUMMARY FOR APRIL 19 2015...
VALID TODAY AS OF 0400 PM LOCAL TIME.

CLIMATE NORMAL PERIOD 1981 TO 2010
CLIMATE RECORD PERIOD 1896 TO 2015


WEATHER ITEM   OBSERVED TIME   RECORD YEAR NORMAL DEPARTURE LAST
                VALUE   (LST)  VALUE       VALUE  FROM      YEAR
                                                  NORMAL
..................................................................
TEMPERATURE (F)
 TODAY
  MAXIMUM         79    243 PM  94    1902  76      3       77
  MINIMUM         55    610 AM  33    1953  53      2       49
  AVERAGE         67                        65      2       63

PRECIPITATION (IN)
  TODAY            0.11          1.94 1982   0.13  -0.02     0.00
  MONTH TO DATE    2.26                      2.35  -0.09     2.26
  SINCE DEC 1     22.04                     18.99   3.05    15.32
  SINCE JAN 1     19.36                     13.94   5.42     9.49

SNOWFALL (IN)
  TODAY            0.0
  MONTH TO DATE    0.0
  SINCE MAR 1      1.0
  SINCE JUL 1      5.2
  SNOW DEPTH       0

DEGREE DAYS
 HEATING
  TODAY            0                         3     -3        2
  MONTH TO DATE   43                        87    -44      133
  SINCE MAR 1    383                       387     -4      527
  SINCE JUL 1   2764                      2581    183     2995

 COOLING
  TODAY            2                         3     -1        0
  MONTH TO DATE   68                        38     30       29
  SINCE MAR 1     84                        57     27       36
  SINCE JAN 1     84                        61     23       36
..................................................................


WIND (MPH)
  HIGHEST WIND SPEED    22   HIGHEST WIND DIRECTION     W (250)
  HIGHEST GUST SPEED    28   HIGHEST GUST DIRECTION     W (250)
  AVERAGE WIND SPEED     8.2


SKY COVER
  POSSIBLE SUNSHINE  MM
  AVERAGE SKY COVER 0.5


WEATHER CONDITIONS
 THE FOLLOWING WEATHER WAS RECORDED TODAY.
  RAIN
  LIGHT RAIN
  FOG


RELATIVE HUMIDITY (PERCENT)
 HIGHEST   100          1200 AM
 LOWEST     58           300 PM
 AVERAGE    79

..........................................................


THE TEXARKANA CLIMATE NORMALS FOR TOMORROW
                         NORMAL    RECORD    YEAR
 MAXIMUM TEMPERATURE (F)   76        92      1987
 MINIMUM TEMPERATURE (F)   54        35      1901


SUNRISE AND SUNSET
APRIL 19 2015.........SUNRISE   641 AM CDT   SUNSET   750 PM CDT
APRIL 20 2015.........SUNRISE   640 AM CDT   SUNSET   750 PM CDT


-  INDICATES NEGATIVE NUMBERS.
R  INDICATES RECORD WAS SET OR TIED.
MM INDICATES DATA IS MISSING.
T  INDICATES TRACE AMOUNT.




$$
