000
CDUS44 KSHV 060737
CLITYR


CLIMATE REPORT
NATIONAL WEATHER SERVICE SHREVEPORT, LA
236 AM CDT WED MAY 6 2015


...................................

...THE TYLER CLIMATE SUMMARY FOR MAY 5 2015...

CLIMATE NORMAL PERIOD 1981 TO 2010
CLIMATE RECORD PERIOD 1896 TO 2015


WEATHER ITEM   OBSERVED TIME   RECORD YEAR NORMAL DEPARTURE LAST
                VALUE   (LST)  VALUE       VALUE  FROM      YEAR
                                                  NORMAL
..................................................................
TEMPERATURE (F)
 YESTERDAY
  MAXIMUM         84    118 PM  93    1906  80      4       87
  MINIMUM         62    428 AM  41    2013  60      2       63
  AVERAGE         73                        70      3       75

PRECIPITATION (IN)
  YESTERDAY        0.20          3.00 1935   0.16   0.04     0.00
  MONTH TO DATE    0.20                      0.76  -0.56     0.00
  SINCE DEC 1     24.70                     19.16   5.54    11.79
  SINCE JAN 1     23.23                     14.92   8.31     8.77

SNOWFALL (IN)
  YESTERDAY        0.0
  MONTH TO DATE    0.0
  SINCE MAR 1      0.5
  SINCE JUL 1      2.1
  SNOW DEPTH       0

DEGREE DAYS
 HEATING
  YESTERDAY        0                         1     -1        0
  MONTH TO DATE    0                         5     -5       10
  SINCE MAR 1    307                       375    -68      464
  SINCE JUL 1   2194                      2267    -73     2528

 COOLING
  YESTERDAY        8                         6      2       10
  MONTH TO DATE   32                        27      5       21
  SINCE MAR 1    205                       127     78      150
  SINCE JAN 1    205                       139     66      153
..................................................................


WIND (MPH)
  HIGHEST WIND SPEED    25   HIGHEST WIND DIRECTION     S (180)
  HIGHEST GUST SPEED    33   HIGHEST GUST DIRECTION    SE (140)
  AVERAGE WIND SPEED    11.3


SKY COVER
  POSSIBLE SUNSHINE  MM
  AVERAGE SKY COVER 0.6


WEATHER CONDITIONS
 THE FOLLOWING WEATHER WAS RECORDED YESTERDAY.
  THUNDERSTORM
  HEAVY RAIN
  RAIN
  LIGHT RAIN
  FOG


RELATIVE HUMIDITY (PERCENT)
 HIGHEST    87           700 AM
 LOWEST     54           200 PM
 AVERAGE    71

..........................................................


THE TYLER CLIMATE NORMALS FOR TODAY
                         NORMAL    RECORD    YEAR
 MAXIMUM TEMPERATURE (F)   80        93      1984
 MINIMUM TEMPERATURE (F)   61        43      1957


SUNRISE AND SUNSET
MAY  6 2015...........SUNRISE   631 AM CDT   SUNSET   806 PM CDT
MAY  7 2015...........SUNRISE   630 AM CDT   SUNSET   807 PM CDT


-  INDICATES NEGATIVE NUMBERS.
R  INDICATES RECORD WAS SET OR TIED.
MM INDICATES DATA IS MISSING.
T  INDICATES TRACE AMOUNT.




$$
