000
CDUS44 KMRX 202128 RRA
CLITYS

CLIMATE REPORT
NATIONAL WEATHER SERVICE MORRISTOWN TN
528 PM EDT MON APR 20 2015


...................................

...THE KNOXVILLE CLIMATE SUMMARY FOR APRIL 20 2015...
VALID TODAY AS OF 0500 PM LOCAL TIME.

CLIMATE NORMAL PERIOD 1981 TO 2010
CLIMATE RECORD PERIOD 1871 TO 2015


WEATHER ITEM   OBSERVED TIME   RECORD YEAR NORMAL DEPARTURE LAST
                VALUE   (LST)  VALUE       VALUE  FROM      YEAR
                                                  NORMAL
..................................................................
TEMPERATURE (F)
 TODAY
  MAXIMUM         72    332 PM  87    2002  72      0       76
  MINIMUM         57    727 AM  25    1983  49      8       42
  AVERAGE         65                        60      5       59

PRECIPITATION (IN)
  TODAY            0.11          1.99 1871   0.13  -0.02     0.00
  MONTH TO DATE    3.61                      2.63   0.98     2.61
  SINCE MAR 1      8.05                      6.97   1.08     5.03
  SINCE JAN 1     15.19                     15.55  -0.36    13.10

SNOWFALL (IN)
  TODAY            0.0                       0.0    0.0      0.0
  MONTH TO DATE    0.0                       0.5   -0.5       T
  SINCE MAR 1      T                         1.4   -1.4      0.5
  SINCE JUL 1      9.3                       6.5    2.8     12.4
  SNOW DEPTH       0

DEGREE DAYS
 HEATING
  TODAY            0                         6     -6        6
  MONTH TO DATE   60                       170   -110      137
  SINCE MAR 1    474                       631   -157      670
  SINCE JUL 1   3739                      3527    212     3717

 COOLING
  TODAY            0                         1     -1        0
  MONTH TO DATE   23                        18      5       14
  SINCE MAR 1     25                        23      2       14
  SINCE JAN 1     25                        23      2       14
..................................................................


WIND (MPH)
  HIGHEST WIND SPEED    30   HIGHEST WIND DIRECTION     W (280)
  HIGHEST GUST SPEED    28   HIGHEST GUST DIRECTION     W (250)
  AVERAGE WIND SPEED    MM


SKY COVER
  POSSIBLE SUNSHINE  MM
  AVERAGE SKY COVER 0.5


WEATHER CONDITIONS
 THE FOLLOWING WEATHER WAS RECORDED TODAY.
  THUNDERSTORM
  RAIN
  LIGHT RAIN
  FOG


RELATIVE HUMIDITY (PERCENT)
 HIGHEST    93           200 AM
 LOWEST     47           400 PM
 AVERAGE    70

..........................................................


THE KNOXVILLE CLIMATE NORMALS FOR TOMORROW
                         NORMAL    RECORD    YEAR
 MAXIMUM TEMPERATURE (F)   72        88      1946
 MINIMUM TEMPERATURE (F)   49        27      1983
                                             1904


SUNRISE AND SUNSET
APRIL 20 2015.........SUNRISE   657 AM EDT   SUNSET   813 PM EDT
APRIL 21 2015.........SUNRISE   656 AM EDT   SUNSET   814 PM EDT


-  INDICATES NEGATIVE NUMBERS.
R  INDICATES RECORD WAS SET OR TIED.
MM INDICATES DATA IS MISSING.
T  INDICATES TRACE AMOUNT.




$$
