000
CDUS43 KLOT 030643
CLIUGN


CLIMATE REPORT
NATIONAL WEATHER SERVICE CHICAGO IL
142 AM CDT SUN MAY 3 2015


...................................

...THE WAUKEGAN   CLIMATE SUMMARY FOR MAY 2 2015...

CLIMATE NORMAL PERIOD 1981 TO 2010
CLIMATE RECORD PERIOD 2000 TO 2015


WEATHER ITEM   OBSERVED TIME   RECORD YEAR NORMAL DEPARTURE LAST
                VALUE   (LST)  VALUE       VALUE  FROM      YEAR
                                                  NORMAL
..................................................................
TEMPERATURE (F)
 YESTERDAY
  MAXIMUM         75    129 PM  81    2001  62     13       51
  MINIMUM         47    532 AM  28    2004  42      5       46
  AVERAGE         61

PRECIPITATION (IN)
  YESTERDAY        0.00          0.45 2008   0.13  -0.13     0.01
  MONTH TO DATE    0.00                      0.26  -0.26     0.07
  SINCE MAR 1      4.88                      6.06  -1.18     3.85
  SINCE JAN 1      5.42                      9.11  -3.69     5.87

DEGREE DAYS
 HEATING
  YESTERDAY        4                        13     -9       16
  MONTH TO DATE   22                        27     -5       37
  SINCE MAR 1   1606                      1523     83     1809
  SINCE JUL 1   7131                      6469    662     7678

 COOLING
  YESTERDAY        0                         0      0        0
  MONTH TO DATE    0                         0      0        0
  SINCE MAR 1      0                         4     -4        0
  SINCE JAN 1      0                         4     -4        0
..................................................................


WIND (MPH)
  RESULTANT WIND SPEED   4   RESULTANT WIND DIRECTION   S (190)
  HIGHEST WIND SPEED    16   HIGHEST WIND DIRECTION    SE (130)
  HIGHEST GUST SPEED    23   HIGHEST GUST DIRECTION     W (290)
  AVERAGE WIND SPEED     5.8


SKY COVER
  POSSIBLE SUNSHINE  MM
  AVERAGE SKY COVER 0.2


WEATHER CONDITIONS
 THE FOLLOWING WEATHER WAS RECORDED YESTERDAY.
  NO SIGNIFICANT WEATHER WAS OBSERVED.


RELATIVE HUMIDITY (PERCENT)
 HIGHEST    71
 LOWEST     29
 AVERAGE    50

..........................................................


THE WAUKEGAN   CLIMATE NORMALS FOR TODAY
                         NORMAL    RECORD    YEAR
 MAXIMUM TEMPERATURE (F)   62        85      2012
 MINIMUM TEMPERATURE (F)   43        25      2004


SUNRISE AND SUNSET
MAY  3 2015...........SUNRISE   544 AM CDT   SUNSET   753 PM CDT
MAY  4 2015...........SUNRISE   543 AM CDT   SUNSET   754 PM CDT


-  INDICATES NEGATIVE NUMBERS.
R  INDICATES RECORD WAS SET OR TIED.
MM INDICATES DATA IS MISSING.
T  INDICATES TRACE AMOUNT.




$$
