000
CDUS46 KSEW 010828
CLIUIL


CLIMATE REPORT
NATIONAL WEATHER SERVICE SEATTLE WA
128 AM PDT WED APR 1 2015


...................................

...THE QUILLAYUTE WA AIRPORT CLIMATE SUMMARY FOR MARCH 31 2015...

CLIMATE NORMAL PERIOD 1981 TO 2010
CLIMATE RECORD PERIOD 1966 TO 2015


WEATHER ITEM   OBSERVED TIME   RECORD YEAR NORMAL DEPARTURE LAST
                VALUE   (LST)  VALUE       VALUE  FROM      YEAR
                                                  NORMAL
..................................................................
TEMPERATURE (F)
 YESTERDAY
  MAXIMUM         55    236 PM  71    1987  53      2       59
  MINIMUM         39    624 AM  25    1975  38      1       36
  AVERAGE         47                        45      2       48

PRECIPITATION (IN)
  YESTERDAY        0.05          1.23 2011   0.33  -0.28     0.00
  MONTH TO DATE   14.71                     10.83   3.88    15.81
  SINCE OCT 1     79.29                     74.79   4.50    55.61
  SINCE JAN 1     34.54                     35.79  -1.25    38.38

DEGREE DAYS
 HEATING
  YESTERDAY       18                        20     -2       17
  MONTH TO DATE  538                       648   -110      586
  SINCE MAR 1    538                       648   -110      586
  SINCE JUL 1   3448                      4493  -1045     3780

 COOLING
  YESTERDAY        0                         0      0        0
  MONTH TO DATE    0                         0      0        0
  SINCE MAR 1      0                         0      0        0
  SINCE JAN 1      0                         0      0        0
..................................................................


WIND (MPH)
  RESULTANT WIND SPEED   5   RESULTANT WIND DIRECTION   W (250)
  HIGHEST WIND SPEED    18   HIGHEST WIND DIRECTION    SW (240)
  HIGHEST GUST SPEED    24   HIGHEST GUST DIRECTION     W (260)
  AVERAGE WIND SPEED     5.7


SKY COVER
  AVERAGE SKY COVER 0.5


WEATHER CONDITIONS
 THE FOLLOWING WEATHER WAS RECORDED YESTERDAY.
  LIGHT RAIN
  FOG


RELATIVE HUMIDITY (PERCENT)
 HIGHEST   100          1200 AM
 LOWEST     59          1100 AM
 AVERAGE    80

..........................................................


THE QUILLAYUTE WA AIRPORT CLIMATE NORMALS FOR TODAY
                         NORMAL    RECORD    YEAR
 MAXIMUM TEMPERATURE (F)   53        81      1987
 MINIMUM TEMPERATURE (F)   38        23      1999


SUNRISE AND SUNSET
APRIL  1 2015.........SUNRISE   657 AM PDT   SUNSET   748 PM PDT
APRIL  2 2015.........SUNRISE   655 AM PDT   SUNSET   750 PM PDT


-  INDICATES NEGATIVE NUMBERS.
R  INDICATES RECORD WAS SET OR TIED.
MM INDICATES DATA IS MISSING.
T  INDICATES TRACE AMOUNT.




$$
