000
CDUS43 KLSX 180745
CLIUIN


CLIMATE REPORT
NATIONAL WEATHER SERVICE ST LOUIS MO
245 AM CDT SAT APR 18 2015


...................................

...THE QUINCY IL CLIMATE SUMMARY FOR APRIL 17 2015...

CLIMATE NORMAL PERIOD 1981 TO 2010
CLIMATE RECORD PERIOD 1901 TO 2015


WEATHER ITEM   OBSERVED TIME   RECORD YEAR NORMAL DEPARTURE LAST
                VALUE   (LST)  VALUE       VALUE  FROM      YEAR
                                                  NORMAL
..................................................................
TEMPERATURE (F)
 YESTERDAY
  MAXIMUM         79    303 PM  87    1914  64     15       52
  MINIMUM         53    522 AM  22    1907  44      9       42
  AVERAGE         66                        54     12

PRECIPITATION (IN)
  YESTERDAY        0.00          1.24 1939   0.12  -0.12      T
  MONTH TO DATE    0.62                      1.98  -1.36     1.90
  SINCE MAR 1      1.57                      4.44  -2.87     2.58
  SINCE JAN 1      3.61                      7.84  -4.23     4.70

DEGREE DAYS
 HEATING
  YESTERDAY        0                        12    -12
  MONTH TO DATE  126                       244   -118
  SINCE MAR 1    838                       962   -124
  SINCE JUL 1   5504                      5304    200

 COOLING
  YESTERDAY        1                         1      0
  MONTH TO DATE    2                         4     -2
  SINCE MAR 1      2                         6     -4
  SINCE JAN 1      2                         6     -4
..................................................................


WIND (MPH)
  HIGHEST WIND SPEED    12   HIGHEST WIND DIRECTION    SW (210)
  HIGHEST GUST SPEED    16   HIGHEST GUST DIRECTION    SW (210)
  AVERAGE WIND SPEED     4.4


SKY COVER
  AVERAGE SKY COVER 0.3



RELATIVE HUMIDITY (PERCENT)
 HIGHEST    86           600 AM
 LOWEST     39           400 PM
 AVERAGE    63

..........................................................


THE QUINCY IL CLIMATE NORMALS FOR TODAY
                         NORMAL    RECORD    YEAR
 MAXIMUM TEMPERATURE (F)   64        88      1948
                                             1925
 MINIMUM TEMPERATURE (F)   44        24      1983


SUNRISE AND SUNSET
APRIL 18 2015.........SUNRISE   623 AM CDT   SUNSET   746 PM CDT
APRIL 19 2015.........SUNRISE   621 AM CDT   SUNSET   747 PM CDT


-  INDICATES NEGATIVE NUMBERS.
R  INDICATES RECORD WAS SET OR TIED.
MM INDICATES DATA IS MISSING.
T  INDICATES TRACE AMOUNT.




$$
