000
CDUS43 KSGF 030632
CLIUNO


CLIMATE REPORT
NATIONAL WEATHER SERVICE SPRINGFIELD MO
132 AM CDT SUN MAY 3 2015


...................................

...THE WEST PLAINS MO CLIMATE SUMMARY FOR MAY 2 2015...

CLIMATE NORMAL PERIOD 1981 TO 2010
CLIMATE RECORD PERIOD 1947 TO 2015


WEATHER ITEM   OBSERVED TIME   RECORD YEAR NORMAL DEPARTURE LAST
                VALUE   (LST)  VALUE       VALUE  FROM      YEAR
                                                  NORMAL
..................................................................
TEMPERATURE (F)
 YESTERDAY
  MAXIMUM         74    453 PM  90    1952  74      0       65
  MINIMUM         40    524 AM  28    1961  50    -10       35
  AVERAGE         57                        62     -5       50

PRECIPITATION (IN)
  YESTERDAY        0.00          2.16 1954   0.20  -0.20     0.00
  MONTH TO DATE    0.00                      0.40  -0.40     0.00
  SINCE MAR 1      5.36                      9.17  -3.81     7.32
  SINCE JAN 1     10.04                     14.73  -4.69     9.17

DEGREE DAYS
 HEATING
  YESTERDAY        8                         4      4       15
  MONTH TO DATE   19                         9     10       31
  SINCE MAR 1    787                       807    -20      985
  SINCE JUL 1   4584                      4271    313     4783

 COOLING
  YESTERDAY        0                         1     -1        0
  MONTH TO DATE    0                         2     -2        0
  SINCE MAR 1     16                        30    -14        9
  SINCE JAN 1     16                        30    -14        9
..................................................................


WIND (MPH)
  HIGHEST WIND SPEED    13   HIGHEST WIND DIRECTION     S (190)
  HIGHEST GUST SPEED    19   HIGHEST GUST DIRECTION     S (180)
  AVERAGE WIND SPEED     4.6


SKY COVER
  AVERAGE SKY COVER 0.1


WEATHER CONDITIONS
 THE FOLLOWING WEATHER WAS RECORDED YESTERDAY.
  NO SIGNIFICANT WEATHER WAS OBSERVED.


RELATIVE HUMIDITY (PERCENT)
 HIGHEST    89           600 AM
 LOWEST     27           300 PM
 AVERAGE    58

..........................................................


THE WEST PLAINS MO CLIMATE NORMALS FOR TODAY
                         NORMAL    RECORD    YEAR
 MAXIMUM TEMPERATURE (F)   74        90      1952
 MINIMUM TEMPERATURE (F)   50        31      1967
                                             2005


SUNRISE AND SUNSET
MAY  3 2015...........SUNRISE   612 AM CDT   SUNSET   758 PM CDT
MAY  4 2015...........SUNRISE   610 AM CDT   SUNSET   759 PM CDT


-  INDICATES NEGATIVE NUMBERS.
R  INDICATES RECORD WAS SET OR TIED.
MM INDICATES DATA IS MISSING.
T  INDICATES TRACE AMOUNT.




$$
