000
CDUS44 KCRP 020645
CLIVCT

CLIMATE REPORT
NATIONAL WEATHER SERVICE CORPUS CHRISTI TX
144 AM CDT THU APR 2 2015

...THE VICTORIA CLIMATE SUMMARY FOR APRIL 1 2015...

CLIMATE NORMAL PERIOD 1981 TO 2010
CLIMATE RECORD PERIOD 1893 TO 2015


WEATHER ITEM   OBSERVED TIME   RECORD YEAR NORMAL DEPARTURE LAST
                VALUE   (LST)  VALUE       VALUE  FROM      YEAR
                                                  NORMAL
..................................................................
TEMPERATURE (F)
 YESTERDAY
  MAXIMUM         79    437 PM  99    1939  78      1       85
  MINIMUM         67    150 AM  40    1937  56     11       69
                                      1931
  AVERAGE         73                        67      6       77

PRECIPITATION (IN)
  YESTERDAY        T             0.65 1953   0.08  -0.08     0.01
  MONTH TO DATE    T                         0.08  -0.08     0.01
  SINCE MAR 1      8.37                      2.85   5.52     1.63
  SINCE JAN 1     12.42                      7.45   4.97     3.29

SNOWFALL (IN)
  YESTERDAY        0.0
  MONTH TO DATE    0.0
  SINCE MAR 1      0.0
  SINCE JUL 1      0.0
  SNOW DEPTH       0

DEGREE DAYS
 HEATING
  YESTERDAY        0                         2     -2        0
  MONTH TO DATE    0                         2     -2        0
  SINCE MAR 1    139                       127     12      205
  SINCE JUL 1   1219                      1220     -1     1458

 COOLING
  YESTERDAY        8                         4      4       12
  MONTH TO DATE    8                         4      4       12
  SINCE MAR 1     68                        78    -10       64
  SINCE JAN 1     83                       116    -33      122
..................................................................


WIND (MPH)
  HIGHEST WIND SPEED    29   HIGHEST WIND DIRECTION     S (160)
  HIGHEST GUST SPEED    34   HIGHEST GUST DIRECTION     S (160)
  AVERAGE WIND SPEED    12.6


SKY COVER
  POSSIBLE SUNSHINE  MM
  AVERAGE SKY COVER 0.7


WEATHER CONDITIONS
 THE FOLLOWING WEATHER WAS RECORDED YESTERDAY.
  FOG


RELATIVE HUMIDITY (PERCENT)
 HIGHEST   100           500 AM
 LOWEST     69           300 PM
 AVERAGE    85

..........................................................


THE VICTORIA CLIMATE NORMALS FOR TODAY
                         NORMAL    RECORD    YEAR
 MAXIMUM TEMPERATURE (F)   78        96      1939
 MINIMUM TEMPERATURE (F)   56        40      1915


SUNRISE AND SUNSET
APRIL  2 2015.........SUNRISE   717 AM CDT   SUNSET   746 PM CDT
APRIL  3 2015.........SUNRISE   716 AM CDT   SUNSET   747 PM CDT


-  INDICATES NEGATIVE NUMBERS.
R  INDICATES RECORD WAS SET OR TIED.
MM INDICATES DATA IS MISSING.
T  INDICATES TRACE AMOUNT.

$$

TMT
