000
CDUS42 KFFC 260022
CLIVPC


CLIMATE REPORT
NATIONAL WEATHER SERVICE PEACHTREE CITY GA
822 PM EDT SAT APR 25 2015


...................................

...THE CARTERSVILLE CLIMATE SUMMARY FOR APRIL 25 2015...
VALID AS OF 0800 PM LOCAL TIME.

CLIMATE NORMAL PERIOD 1981 TO 2010
CLIMATE RECORD PERIOD 9999 TO 9999


WEATHER ITEM   OBSERVED TIME   RECORD YEAR NORMAL DEPARTURE LAST
                VALUE   (LST)  VALUE       VALUE  FROM      YEAR
                                                  NORMAL
..................................................................
TEMPERATURE (F)
 TODAY
  MAXIMUM         78    329 PM  MM      MM  75      3       77
  MINIMUM         56    646 AM  MM      MM  49      7       57
  AVERAGE         67                        62      5       67

PRECIPITATION (IN)
  TODAY            0.66         MM      MM   0.15   0.51     0.00
  MONTH TO DATE    5.28                      3.19   2.09     5.49
  SINCE MAR 1      8.04                      7.91   0.13    10.20

SNOWFALL (IN)
  TODAY           MM            MM      MM  MM     MM       MM
  MONTH TO DATE    0.0                      MM     MM        0.0
  SINCE MAR 1      0.0                      MM     MM        0.0
  SINCE JUL 1      T                        MM     MM        0.0
  SNOW DEPTH      MM

DEGREE DAYS
 HEATING
  TODAY            0                         4     -4        0
  MONTH TO DATE   91                       178    -87      166
  SINCE MAR 1    415                       594   -179      636
  SINCE JUL 1   3266                      3206     60     3430

 COOLING
  TODAY            2                         1      1        2
  MONTH TO DATE   42                        14     28        6
  SINCE MAR 1     42                        18     24        6
  SINCE JAN 1     42                        18     24        6
..................................................................


WIND (MPH)
  RESULTANT WIND SPEED   3   RESULTANT WIND DIRECTION  SE (120)
  HIGHEST WIND SPEED    12   HIGHEST WIND DIRECTION    SE (120)
  HIGHEST GUST SPEED    16   HIGHEST GUST DIRECTION    SE (120)
  AVERAGE WIND SPEED     2.9


SKY COVER
  AVERAGE SKY COVER 0.8


WEATHER CONDITIONS
 THE FOLLOWING WEATHER WAS RECORDED TODAY.
  THUNDERSTORM
  RAIN
  LIGHT RAIN
  FOG


RELATIVE HUMIDITY (PERCENT)
 HIGHEST    93           500 AM
 LOWEST     64           300 PM
 AVERAGE    79

..........................................................


THE CARTERSVILLE CLIMATE NORMALS FOR TOMORROW
                         NORMAL    RECORD    YEAR
 MAXIMUM TEMPERATURE (F)   75        MM        MM
 MINIMUM TEMPERATURE (F)   49        MM        MM


SUNRISE AND SUNSET
APRIL 25 2015.........SUNRISE   657 AM EDT   SUNSET   818 PM EDT
APRIL 26 2015.........SUNRISE   656 AM EDT   SUNSET   819 PM EDT


-  INDICATES NEGATIVE NUMBERS.
R  INDICATES RECORD WAS SET OR TIED.
MM INDICATES DATA IS MISSING.
T  INDICATES TRACE AMOUNT.




$$
