000
CDUS46 KLOX 030900
CLIWJF


CLIMATE REPORT
NATIONAL WEATHER SERVICE LOS ANGELES/OXNARD CA
200 AM PDT SUN MAY 3 2015


...................................

...THE LANCASTER FOX FIELD CA CLIMATE SUMMARY FOR MAY 2 2015...

CLIMATE NORMAL PERIOD 1981 TO 2010
CLIMATE RECORD PERIOD 1948 TO 2015


WEATHER ITEM   OBSERVED TIME   RECORD YEAR NORMAL DEPARTURE
                VALUE   (LST)  VALUE       VALUE  FROM
                                                  NORMAL
...............................................................
TEMPERATURE (F)
 YESTERDAY
  MAXIMUM         85    146 PM  97    1956  78      7
  MINIMUM         47    522 AM  34    1988  50     -3
  AVERAGE         66                        64      2

PRECIPITATION (IN)
  YESTERDAY        0.00          0.03 2003   0.00   0.00
  MONTH TO DATE    0.00                      0.01  -0.01
  SINCE OCT 1      4.33                      6.91  -2.58
  SINCE JAN 1      1.41                      4.78  -3.37

SNOWFALL (IN)
  YESTERDAY        0.0           0.0    MM
  MONTH TO DATE    0.0
  SINCE MAR 1      0.0
  SINCE JUL 1      0.0
  SNOW DEPTH       0

DEGREE DAYS
 HEATING
  YESTERDAY        0                               -4
  MONTH TO DATE    0                               -8
  SINCE MAR 1    402                             -181
  SINCE JUL 1   2271                             -605

 COOLING
  YESTERDAY        1                               -2
  MONTH TO DATE    8                                3
  SINCE MAR 1     36                                1
  SINCE JAN 1     36                                1
...............................................................


WIND (MPH)
  HIGHEST WIND SPEED    31   HIGHEST WIND DIRECTION     W (250)
  HIGHEST GUST SPEED    38   HIGHEST GUST DIRECTION     W (250)
  AVERAGE WIND SPEED    14.2




RELATIVE HUMIDITY (PERCENT)
 HIGHEST    46
 LOWEST     13
 AVERAGE    30

..........................................................


THE LANCASTER FOX FIELD CA CLIMATE NORMALS FOR TODAY
                         NORMAL    RECORD    YEAR
 MAXIMUM TEMPERATURE (F)   78        98      2004
 MINIMUM TEMPERATURE (F)   50        35      1953


SUNRISE AND SUNSET
MAY  3 2015...........SUNRISE   601 AM PDT   SUNSET   739 PM PDT
MAY  4 2015...........SUNRISE   600 AM PDT   SUNSET   740 PM PDT


-  INDICATES NEGATIVE NUMBERS.
R  INDICATES RECORD WAS SET OR TIED.
MM INDICATES DATA IS MISSING.
T  INDICATES TRACE AMOUNT.




$$
