000
CDUS45 KLKN 050935
CLIWMC


CLIMATE REPORT
NATIONAL WEATHER SERVICE ELKO NV
235 AM PDT TUE MAY 5 2015


...................................

...THE WINNEMUCCA AIRPORT NV CLIMATE SUMMARY FOR MAY 4 2015...

CLIMATE NORMAL PERIOD 1981 TO 2010
CLIMATE RECORD PERIOD 1877 TO 2015


WEATHER ITEM   OBSERVED TIME   RECORD YEAR NORMAL DEPARTURE LAST
                VALUE   (LST)  VALUE       VALUE  FROM      YEAR
                                                  NORMAL
..................................................................
TEMPERATURE (F)
 YESTERDAY
  MAXIMUM         79    131 PM  89    2004  68     11       77
  MINIMUM         38    452 AM  14    1959  35      3       40
  AVERAGE         59                        52      7       59

PRECIPITATION (IN)
  YESTERDAY        0.00          0.45 1892   0.03  -0.03     0.00
  MONTH TO DATE    0.00                      0.15  -0.15     0.00
  SINCE OCT 1      5.74                      5.88  -0.14     5.84
  SINCE JAN 1      3.17                      3.40  -0.23     3.18

SNOWFALL (IN)
  YESTERDAY        0.0           2.1  1975   0.0    0.0      0.0
  MONTH TO DATE    0.0                       0.0    0.0      0.0
  SINCE MAR 1      2.4                       4.8   -2.4      1.9
  SINCE JUL 1      5.3                      20.8  -15.5     23.4
  SNOW DEPTH       0

DEGREE DAYS
 HEATING
  YESTERDAY        6                        13     -7        6
  MONTH TO DATE   24                        55    -31       28
  SINCE MAR 1   1199                      1346   -147     1256
  SINCE JUL 1   4981                      5935   -954     5915

 COOLING
  YESTERDAY        0                         0      0        0
  MONTH TO DATE    0                         0      0        0
  SINCE MAR 1      0                         0      0        0
  SINCE JAN 1      0                         0      0        0
..................................................................


WIND (MPH)
  HIGHEST WIND SPEED    22   HIGHEST WIND DIRECTION    SW (210)
  HIGHEST GUST SPEED    29   HIGHEST GUST DIRECTION     S (200)
  AVERAGE WIND SPEED     6.9



WEATHER CONDITIONS
 THE FOLLOWING WEATHER WAS RECORDED YESTERDAY.
  NO SIGNIFICANT WEATHER WAS OBSERVED.


RELATIVE HUMIDITY (PERCENT)
 HIGHEST    MM
 LOWEST     MM
 AVERAGE    MM

..........................................................


THE WINNEMUCCA AIRPORT NV CLIMATE NORMALS FOR TODAY
                         NORMAL    RECORD    YEAR
 MAXIMUM TEMPERATURE (F)   69        90      1992
                                             1947
 MINIMUM TEMPERATURE (F)   35        16      1961


SUNRISE AND SUNSET
MAY  5 2015...........SUNRISE   545 AM PDT   SUNSET   752 PM PDT
MAY  6 2015...........SUNRISE   544 AM PDT   SUNSET   753 PM PDT


-  INDICATES NEGATIVE NUMBERS.
R  INDICATES RECORD WAS SET OR TIED.
MM INDICATES DATA IS MISSING.
T  INDICATES TRACE AMOUNT.




$$
