000
CDAK47 PAYA 060915
CLIYAK

CLIMATE REPORT
NATIONAL WEATHER SERVICE YAKUTAT, AK
115 AM AKDT WED MAY 6 2015

...................................
...THE YAKUTAT AP CLIMATE SUMMARY FOR MAY 5 2015...

CLIMATE NORMAL PERIOD  1981 TO  2010
CLIMATE RECORD PERIOD  1948 TO  2015

WEATHER ITEM   OBSERVED TIME    RECORD YEAR NORMAL DEPARTURE LAST
               VALUE    (LST)   VALUE       VALUE  FROM      YEAR
                                                   NORMAL
...................................................................
TEMPERATURE
YESTERDAY
 MAXIMUM            54  1007 AM    63  2004     50       4     47
 MINIMUM            30  0452 AM    23  2002     34      -4     41
 AVERAGE            42                          42       0     44

PRECIPITATION
(INCHES)
 YESTERDAY        0.00           1.85  1952   0.26   -0.26   0.00
 MONTH TO DATE    0.09                        1.39   -1.30   0.00
 SINCE MAR 1     24.68                       21.62    3.06   7.92
 SINCE JAN 1     49.05                       46.14    2.91  34.98

SNOWFALL
(INCHES)
 YESTERDAY         0.0            3.1  2001    0.0     0.0    0.0
 MONTH TO DATE     0.0                         0.2    -0.2    0.0
 SINCE MAR 1      34.3                        37.6    -3.3   13.6
 SINCE JUL 1      47.1                       139.8   -92.7  109.0
 SNOW DEPTH (IN)     0                                          0

DEGREE DAYS
 HEATING
  YESTERDAY         23                          23       0     21
  MONTH TO DATE    114                         116      -2     81
  SINCE MAR 1     1810                        1954    -144   1987
  SINCE JUL 1     7242                        8083    -841   7800

 COOLING
  YESTERDAY          0                           0       0      0
  MONTH TO DATE      0                           0       0      0
  SINCE MAR 1        0                           0       0      0
  SINCE JAN 1        0                           0       0      0
...................................................................

WIND (MPH)
 HIGHEST WIND SPEED    17     HIGHEST WIND DIRECTION    260
 HIGHEST GUST SPEED    23     HIGHEST GUST DIRECTION    240
 AVERAGE WIND SPEED   5.3

SKY COVER
  POSSIBLE SUNSHINE    MM          AVERAGE SKY COVER     MM

WEATHER CONDITIONS
 THE FOLLOWING WEATHER WAS RECORDED YESTERDAY.
  FOG


RELATIVE HUMIDITY
 HIGHEST RH     MM PERCENT       MM
 LOWEST  RH     MM PERCENT       MM
 AVERAGE RH     MM PERCENT       MM
...................................................................

THE YAKUTAT CLIMATE NORMALS FOR TODAY
                           NORMAL    RECORD   YEAR
 MAXIMUM TEMPERATURE (F)     51        70     1981
 MINIMUM TEMPERATURE (F)     35        23     2002

SUNRISE AND SUNSET
 MAY 6 2015..........SUNRISE  5:07 AM      SUNSET  9:27 PM
 MAY 7 2015..........SUNRISE  5:04 AM      SUNSET  9:29 PM

-  INDICATES NEGATIVE NUMBERS.
R  INDICATES RECORD HAS BEEN SET OR TIED.
MM INDICATES DATA IS MISSING.
T  INDICATES TRACE OF PRECIPITATION.

&&
-------------------------------------------------------------------

AMOUNT OF DAYLIGHT TODAY  (HOUR:MIN)........16 HOURS 20 MINUTES
GAIN/LOSS SINCE YESTERDAY (HOUR:MIN:SEC)....+0:04:56

$$
*** MAY 15
