000
CXUS53 KABR 011447
CLM8D3


CLIMATE REPORT
NATIONAL WEATHER SERVICE ABERDEEN SD
943 AM CDT WED APR 1 2015

...................................

...THE SISSETON SD CLIMATE SUMMARY FOR THE MONTH OF MARCH 2015...

CLIMATE NORMAL PERIOD 1981 TO 2010
CLIMATE RECORD PERIOD 1900 TO 2015

WEATHER         OBSERVED          NORMAL  DEPART  LAST YEAR`S
                 VALUE   DATE(S)  VALUE   FROM    VALUE  DATE(S)
                                          NORMAL
................................................................
TEMPERATURE (F)
RECORD
 HIGH              82   03/18/2012
                        03/31/1963
                        03/28/1946
 LOW              -22   03/10/1948
HIGHEST            76   03/15        MM      MM       62  03/30
LOWEST            -11   03/05        MM      MM      -12  03/02
                                                          03/01
AVG. MAXIMUM     46.1              39.3     6.8     36.2
AVG. MINIMUM     24.3              20.8     3.5     16.0
MEAN             35.2              30.0     5.2     26.1
DAYS MAX >= 90      0               0.0     0.0        0
DAYS MAX <= 32      5               8.7    -3.7       12
DAYS MIN <= 32     24              26.5    -2.5       29
DAYS MIN <= 0       2               1.5     0.5        2

PRECIPITATION (INCHES)
RECORD
 MAXIMUM         5.19   1977
 MINIMUM         0.03   1959
TOTALS           0.93              1.12   -0.19     0.84
DAYS >= .01         6                MM      MM        9
DAYS >= .10         5                MM      MM        2
DAYS >= .50         0                MM      MM        0
DAYS >= 1.00        0                MM      MM        0

SNOWFALL (INCHES)
RECORDS
 TOTAL           22.5   5
 SNOW DEPTH        MM   MM
TOTALS            5.8                MM      MM      9.5
SINCE 7/1        28.9                MM      MM     31.4
SNOWDEPTH AVG.      1                MM      MM        0
DAYS >= TRACE       4                MM      MM        9
DAYS >= 1.0         2                MM      MM        3
GREATEST
 SNOW DEPTH         4   03/03                          2  03/19

DEGREE_DAYS
HEATING TOTAL     916              1083    -167     1199
 SINCE 7/1       7185              7342    -157     8016
COOLING TOTAL       0                 0       0        0
 SINCE 1/1          0                 0       0        0

FREEZE DATES
RECORD
 EARLIEST     MM
 LATEST       MM
EARLIEST      03/01             MM
LATEST                          MM
.................................................................

WIND (MPH)
AVERAGE WIND SPEED              13.1
RESULTANT WIND SPEED/DIRECTION   4/281
HIGHEST WIND SPEED/DIRECTION    43/230    DATE  03/12
HIGHEST GUST SPEED/DIRECTION    56/230    DATE  03/12

SKY COVER
POSSIBLE SUNSHINE (PERCENT)   MM
AVERAGE SKY COVER           0.00
NUMBER OF DAYS FAIR           31
NUMBER OF DAYS PC              0
NUMBER OF DAYS CLOUDY          0

AVERAGE RH (PERCENT)     67

WEATHER CONDITIONS. NUMBER OF DAYS WITH
THUNDERSTORM              0     MIXED PRECIP               0
HEAVY RAIN                0     RAIN                       1
LIGHT RAIN                1     FREEZING RAIN              0
LT FREEZING RAIN          0     HAIL                       0
HEAVY SNOW                0     SNOW                       0
LIGHT SNOW                4     SLEET                      0
FOG                       0     FOG W/VIS <= 1/4 MILE      0
HAZE                      0

-  INDICATES NEGATIVE NUMBERS.
R  INDICATES RECORD WAS SET OR TIED.
MM INDICATES DATA IS MISSING.
T  INDICATES TRACE AMOUNT.

$$
