000
CXUS56 KSEW 011035
CLMHQM


CLIMATE REPORT
NATIONAL WEATHER SERVICE SEATTLE WA
335 AM PDT WED APR 1 2015

...................................

...THE HOQUIAM WA AIRPORT CLIMATE SUMMARY FOR THE MONTH OF MARCH 2015...

CLIMATE NORMAL PERIOD 1981 TO 2010
CLIMATE RECORD PERIOD 1953 TO 2015

WEATHER         OBSERVED          NORMAL  DEPART  LAST YEAR`S
                 VALUE   DATE(S)  VALUE   FROM    VALUE  DATE(S)
                                          NORMAL
................................................................
TEMPERATURE (F)
RECORD
 HIGH              77   03/27/1994
 LOW               23   03/04/1955
HIGHEST            64   03/26        MM      MM       67  03/24
LOWEST             30   03/04        MM      MM       31  03/22
AVG. MAXIMUM     57.0              52.4     4.6     53.3
AVG. MINIMUM     42.7              39.6     3.1     41.7
MEAN             49.9              46.0     3.9     47.5
DAYS MAX >= 90      0               0.0     0.0        0
DAYS MAX <= 32      0               0.0     0.0        0
DAYS MIN <= 32      3               2.7     0.3        3
DAYS MIN <= 0       0               0.0     0.0        0

PRECIPITATION (INCHES)
RECORD
 MAXIMUM        15.13   1997
 MINIMUM         1.39   1965
TOTALS           6.74              6.99   -0.25    14.07
DAILY AVG.       0.22              0.23   -0.01     0.45
DAYS >= .01        17              20.9    -3.9       23
DAYS >= .10        12              15.1    -3.1       20
DAYS >= .50         4               4.6    -0.6       11
DAYS >= 1.00        2               1.1     0.9        3
GREATEST
 24 HR. TOTAL    1.47   03/15 TO 03/15

DEGREE_DAYS
HEATING TOTAL     463               589    -126      537
COOLING TOTAL       0                 0       0        0
 SINCE 1/1          0                 0       0        0
.................................................................

WIND (MPH)
AVERAGE WIND SPEED              8.6
HIGHEST WIND SPEED/DIRECTION    36/230    DATE  03/15
HIGHEST GUST SPEED/DIRECTION    41/230    DATE  03/15

SKY COVER
POSSIBLE SUNSHINE (PERCENT)   MM
AVERAGE SKY COVER           0.60
NUMBER OF DAYS FAIR           10
NUMBER OF DAYS PC             10
NUMBER OF DAYS CLOUDY         11

AVERAGE RH (PERCENT)     81

WEATHER CONDITIONS. NUMBER OF DAYS WITH
THUNDERSTORM              0     MIXED PRECIP               0
HEAVY RAIN                0     RAIN                       5
LIGHT RAIN               19     FREEZING RAIN              0
LT FREEZING RAIN          0     HAIL                       0
HEAVY SNOW                0     SNOW                       0
LIGHT SNOW                0     SLEET                      0
FOG                      31     FOG W/VIS <= 1/4 MILE      6
HAZE                      0

-  INDICATES NEGATIVE NUMBERS.
R  INDICATES RECORD WAS SET OR TIED.
MM INDICATES DATA IS MISSING.
T  INDICATES TRACE AMOUNT.

$$
