000
CXUS51 KPHI 011133
CLMILG


CLIMATE REPORT
NATIONAL WEATHER SERVICE MOUNT HOLLY NJ
732 AM EDT WED APR 1 2015

...................................

...THE WILMINGTON CLIMATE SUMMARY FOR THE MONTH OF MARCH 2015...

CLIMATE NORMAL PERIOD 1981 TO 2010
CLIMATE RECORD PERIOD 1894 TO 2015

WEATHER         OBSERVED          NORMAL  DEPART  LAST YEAR`S
                 VALUE   DATE(S)  VALUE   FROM    VALUE  DATE(S)
                                          NORMAL
................................................................
TEMPERATURE (F)
RECORD
 HIGH              86   03/30/1998
                        03/21/1948
 LOW                2   03/10/1984
HIGHEST            71                73      -2       69
LOWEST              5                18     -13        8
AVG. MAXIMUM     47.5              52.4    -4.9     48.3
AVG. MINIMUM     28.2              33.6    -5.4     28.2
MEAN             37.8              43.0    -5.2     38.3
DAYS MAX >= 90      0               0.0     0.0        0
DAYS MAX <= 32      2               0.6     1.4        2
DAYS MIN <= 32     22              13.1     8.9       20
DAYS MIN <= 0       0               0.0     0.0        0

PRECIPITATION (INCHES)
RECORD
 MAXIMUM         9.17   2000
 MINIMUM         0.29   2006
TOTALS           5.39              3.92    1.47     3.82
DAILY AVG.       0.17              0.13    0.04     0.12
DAYS >= .01        12              10.7     1.3       10
DAYS >= .10        11               6.7     4.3        6
DAYS >= .50         5               2.8     2.2        3
DAYS >= 1.00        2               1.1     0.9        1
GREATEST
 24 HR. TOTAL    1.12   03/14 TO 03/14              1.51

SNOWFALL (INCHES)
RECORDS
 TOTAL             MM   5
 24 HR TOTAL       MM
TOTALS            8.6               1.9     6.7      7.7
SINCE 7/1        23.4              19.9     3.5     56.1
SNOWDEPTH AVG.      1                MM      MM        0
DAYS >= 1.0         2               0.5     1.5        2
GREATEST
 SNOW DEPTH         6   03/07                          4  03/04
                        03/06
 24 HR TOTAL      7.0   03/05 TO 03/05               4.5

DEGREE_DAYS
HEATING TOTAL     834               683     151      820
 SINCE 7/1       4673              4306     367     4675
COOLING TOTAL       0                 1      -1        0
 SINCE 1/1          0                 1      -1        0
.................................................................

WIND (MPH)
AVERAGE WIND SPEED              8.7
HIGHEST WIND SPEED/DIRECTION    33/300    DATE  03/17
HIGHEST GUST SPEED/DIRECTION    46/320    DATE  03/17

SKY COVER
POSSIBLE SUNSHINE (PERCENT)   MM
AVERAGE SKY COVER           0.40
NUMBER OF DAYS FAIR           14
NUMBER OF DAYS PC              9
NUMBER OF DAYS CLOUDY          8

AVERAGE RH (PERCENT)     63

WEATHER CONDITIONS. NUMBER OF DAYS WITH
THUNDERSTORM              0     MIXED PRECIP               0
HEAVY RAIN                1     RAIN                       6
LIGHT RAIN               12     FREEZING RAIN              2
LT FREEZING RAIN          2     HEAVY SNOW                 1
SNOW                      2     LIGHT SNOW                 5
SLEET                     1     FOG                       14
FOG W/VIS <= 1/4 MILE     4     HAZE                       5

-  INDICATES NEGATIVE NUMBERS.
R  INDICATES RECORD WAS SET OR TIED.
MM INDICATES DATA IS MISSING.
T  INDICATES TRACE AMOUNT.

$$
