000
CXUS54 KLUB 011544
CLMLBB


CLIMATE REPORT
NATIONAL WEATHER SERVICE LUBBOCK, TX
1043 AM CDT WED APR 1 2015

...................................

...THE LUBBOCK CLIMATE SUMMARY FOR THE MONTH OF MARCH 2015...

CLIMATE NORMAL PERIOD 1981 TO 2010
CLIMATE RECORD PERIOD 1911 TO 2015

WEATHER         OBSERVED          NORMAL  DEPART  LAST YEAR`S
                 VALUE   DATE(S)  VALUE   FROM    VALUE  DATE(S)
                                          NORMAL
................................................................
TEMPERATURE (F)
RECORD
 HIGH              95   03/11/1989
                        03/31/1946
 LOW               -2   03/02/1922
HIGHEST            87   03/31                         85  03/01
                        03/28
                        03/23
LOWEST             17   03/05                          9  03/03
AVG. MAXIMUM     68.0              66.7     1.3     68.3
AVG. MINIMUM     36.9              37.0    -0.1     33.0
MEAN             52.5              51.9     0.6     50.6
DAYS MAX >= 90      0               0.3    -0.3        0
DAYS MAX <= 32      1               0.2     0.8        1
DAYS MIN <= 32      8               8.6    -0.6       16
DAYS MIN <= 0       0               0.0     0.0        0

PRECIPITATION (INCHES)
RECORD
 MAXIMUM         5.94   2007
 MINIMUM         0.00   1956
TOTALS           0.30              1.10   -0.80     0.17
DAILY AVG.       0.01              0.04   -0.03     0.01
DAYS >= .01         5                                  2
DAYS >= .10         1                                  1
DAYS >= .50         0                                  0
DAYS >= 1.00        0                                  0
GREATEST
 24 HR. TOTAL    0.18   03/04 TO 03/04

SNOWFALL (INCHES)
RECORDS
 TOTAL           16.5   1915
 24 HR TOTAL       MM
 SNOW DEPTH        MM   MM
TOTALS            1.1               0.6     0.5        T
SINCE 7/1        14.7               8.0     6.7      4.2
SNOWDEPTH AVG.      0                MM      MM        0
DAYS >= TRACE       2               0.8     1.2        2
DAYS >= 1.0         1               0.1     0.9        0
GREATEST
 SNOW DEPTH         3   03/01                          0  MM
 24 HR TOTAL      1.1   03/04 TO 03/05           03/08 TO 03/08
                                                          03/08 TO 03/08
                                                          03/08 TO 03/08

DEGREE_DAYS
HEATING TOTAL     380               415     -35      440
 SINCE 7/1       3099              3154     -55     3292
COOLING TOTAL       3                 7      -4        3
 SINCE 1/1          3                 7      -4        3
.........................................................

WIND (MPH)
AVERAGE WIND SPEED              9.4
HIGHEST WIND SPEED/DIRECTION    41/010    DATE  03/25
HIGHEST GUST SPEED/DIRECTION    53/010    DATE  03/25

SKY COVER
POSSIBLE SUNSHINE (PERCENT)   MM
AVERAGE SKY COVER           0.50
NUMBER OF DAYS FAIR           10
NUMBER OF DAYS PC              9
NUMBER OF DAYS CLOUDY         12

AVERAGE RH (PERCENT)     59

WEATHER CONDITIONS. NUMBER OF DAYS WITH
THUNDERSTORM              0     MIXED PRECIP               0
HEAVY RAIN                0     RAIN                       2
LIGHT RAIN                6     FREEZING RAIN              0
LT FREEZING RAIN          1     HAIL                       0
HEAVY SNOW                1     SNOW                       1
LIGHT SNOW                1     SLEET                      1
FOG                      13     FOG W/VIS <= 1/4 MILE      7
HAZE                      2

-  INDICATES NEGATIVE NUMBERS.
R  INDICATES RECORD WAS SET OR TIED.
MM INDICATES DATA IS MISSING.
T  INDICATES TRACE AMOUNT.

$$
