000
CXUS52 KILM 030905
CLMLBT


CLIMATE REPORT
NATIONAL WEATHER SERVICE WILMINGTON NC
504 AM EDT FRI APR 3 2015

...................................

...THE LUMBERTON NC CLIMATE SUMMARY FOR THE MONTH OF MARCH 2015...

CLIMATE NORMAL PERIOD 1981 TO 2010
CLIMATE RECORD PERIOD 9999 TO 9999

WEATHER         OBSERVED          NORMAL  DEPART  LAST YEAR`S
                 VALUE   DATE(S)  VALUE   FROM    VALUE  DATE(S)
                                          NORMAL
................................................................
TEMPERATURE (F)
HIGHEST            84   03/11                         77
LOWEST             25   03/07                         21
AVG. MAXIMUM     66.6              66.3     0.3     60.2
AVG. MINIMUM     44.3              42.0     2.3     36.3
MEAN             55.5              54.1     1.4     48.3
DAYS MAX >= 90      0               0.0     0.0        0
DAYS MAX <= 32      0               0.0     0.0        0
DAYS MIN <= 32      3               4.3    -1.3       10
DAYS MIN <= 0       0               0.0     0.0        0

PRECIPITATION (INCHES)
RECORD
 MAXIMUM         9.37   1971
 MINIMUM         0.00   1904
TOTALS           3.48              3.33    0.15     3.42
DAILY AVG.       0.11              0.11    0.00     0.11
DAYS >= .01        13                                 12
DAYS >= .10         8                                  8
DAYS >= .50         3                                  3
DAYS >= 1.00        0                                  0
GREATEST
 24 HR. TOTAL    0.88   03/14 TO 03/14

DEGREE_DAYS
HEATING TOTAL     304               346     -42      512
COOLING TOTAL      15                10       5        1
..........................................................

WIND (MPH)
AVERAGE WIND SPEED              7.2
RESULTANT WIND SPEED/DIRECTION   0/242
HIGHEST WIND SPEED/DIRECTION    37/360    DATE  03/05
HIGHEST GUST SPEED/DIRECTION    46/360    DATE  03/05

SKY COVER
POSSIBLE SUNSHINE (PERCENT)   MM
AVERAGE SKY COVER           0.40
NUMBER OF DAYS FAIR           12
NUMBER OF DAYS PC             12
NUMBER OF DAYS CLOUDY          7

AVERAGE RH (PERCENT)     66

WEATHER CONDITIONS. NUMBER OF DAYS WITH
THUNDERSTORM              2     MIXED PRECIP              MM
HEAVY RAIN                6     RAIN                      10
LIGHT RAIN               12     FREEZING RAIN              0
LT FREEZING RAIN          0     HAIL                       0
HEAVY SNOW                0     SNOW                       0
LIGHT SNOW                0     SLEET                     MM
FOG                      18     FOG W/VIS <= 1/4 MILE      3
HAZE                      7

-  INDICATES NEGATIVE NUMBERS.
R  INDICATES RECORD WAS SET OR TIED.
MM INDICATES DATA IS MISSING.
T  INDICATES TRACE AMOUNT.

$$
