000
CXUS56 KMTR 030958
CLMSJC


CLIMATE REPORT
NATIONAL WEATHER SERVICE SAN FRANCISCO BAY AREA
258 AM PDT FRI APR 3 2015

...................................

...THE SAN JOSE AIRPORT CLIMATE SUMMARY FOR THE MONTH OF MARCH 2015...

CLIMATE NORMAL PERIOD 1981 TO 2010
CLIMATE RECORD PERIOD 1893 TO 2015

WEATHER         OBSERVED          NORMAL  DEPART  LAST YEAR`S
                 VALUE   DATE(S)  VALUE   FROM    VALUE  DATE(S)
                                          NORMAL
................................................................
TEMPERATURE (F)
RECORD
 HIGH              89   03/14/2015
 LOW               25   03/06/1903
                        03/15/1895
HIGHEST            89R  03/14                         81  03/09
LOWEST             39   03/03        MM               43  03/31
                        03/01
AVG. MAXIMUM     72.7              66.8     5.9     70.1
AVG. MINIMUM     48.8              47.0     1.8     48.5
MEAN             60.7                               59.3
DAYS MAX >= 90      0                                  0
DAYS MAX <= 32      0                                  0
DAYS MIN <= 32      0                                  0
DAYS MIN <= 0       0                                  0

PRECIPITATION (INCHES)
RECORD
 MAXIMUM           MM   MM
 MINIMUM           MM   MM
TOTALS           0.19              2.04   -1.85     1.35
DAILY AVG.       0.01              0.07   -0.06     0.04
DAYS >= .01         3                                 10
DAYS >= .10         1                                  4
DAYS >= .50         0                                  0
DAYS >= 1.00        0                                  0
GREATEST
 24 HR. TOTAL    0.10   03/11 TO 03/11           03/31 TO 03/31
                                                          03/30 TO 03/30
                                                          03/30 TO 03/30

DEGREE_DAYS
HEATING TOTAL     136               255    -119      170
 SINCE 7/1       1356              1718    -362     1711
COOLING TOTAL      14                 4      10        4
 SINCE 1/1         14                 4      10        4
.................................................

WIND (MPH)
AVERAGE WIND SPEED              5.2
RESULTANT WIND SPEED/DIRECTION   3/298
HIGHEST WIND SPEED/DIRECTION    23/310    DATE  03/31
HIGHEST GUST SPEED/DIRECTION    30/320    DATE  03/31

SKY COVER
POSSIBLE SUNSHINE (PERCENT)   MM
AVERAGE SKY COVER           0.40
NUMBER OF DAYS FAIR           14
NUMBER OF DAYS PC             16
NUMBER OF DAYS CLOUDY          1

AVERAGE RH (PERCENT)     61

WEATHER CONDITIONS. NUMBER OF DAYS WITH
THUNDERSTORM              0     MIXED PRECIP               0
HEAVY RAIN                0     RAIN                       0
LIGHT RAIN                4     FREEZING RAIN              0
LT FREEZING RAIN          0     HAIL                       0
HEAVY SNOW                0     SNOW                       0
LIGHT SNOW                0     SLEET                      0
FOG                       4     FOG W/VIS <= 1/4 MILE      0
HAZE                      4

-  INDICATES NEGATIVE NUMBERS.
R  INDICATES RECORD WAS SET OR TIED.
MM INDICATES DATA IS MISSING.
T  INDICATES TRACE AMOUNT.

$$
