000
CXUS45 KSLC 021938
CLMSLC

SLCCLMSLC 000
TTAA00 KSLC 021936


CLIMATE REPORT
NATIONAL WEATHER SERVICE SALT LAKE CITY UT
136 PM MDT SAT MAY 2 2015

...................................

...THE SALT LAKE CITY UT CLIMATE SUMMARY FOR THE MONTH OF APRIL 2015...

CLIMATE NORMAL PERIOD 1981 TO 2010
CLIMATE RECORD PERIOD 1874 TO 2015

WEATHER         OBSERVED          NORMAL  DEPART  LAST YEAR`S
                 VALUE   DATE(S)  VALUE   FROM    VALUE  DATE(S)
                                          NORMAL
................................................................
TEMPERATURE (F)
RECORD
 HIGH              89   04/29/2007
 LOW               14   04/02/1936
HIGHEST            80   04/29                         79  04/09
LOWEST             29   04/15                         29  04/14
AVG. MAXIMUM     63.7              61.6     2.1     63.4
AVG. MINIMUM     40.9              39.5     1.4     40.4
MEAN             52.3              50.6     1.7     51.9
DAYS MAX >= 90      0               0.0     0.0        0
DAYS MAX <= 32      0               0.0     0.0        0
DAYS MIN <= 32      3               4.3    -1.3        3
DAYS MIN <= 0       0               0.0     0.0        0

PRECIPITATION (INCHES)
TOTALS           2.32              1.99    0.33     1.55
DAYS >= .01         6               9.9    -3.9       11
DAYS >= .10         6               5.6     0.4        4
DAYS >= .50         1               1.0     0.0        1
DAYS >= 1.00        0               0.1    -0.1        0

SNOWFALL (INCHES)
TOTALS            5.8               4.0     1.8        T
SINCE 7/1        15.4              55.9             35.5

DEGREE_DAYS
HEATING TOTAL     371               438     -67      385
 SINCE 7/1       4184              5356   -1172     4859
COOLING TOTAL       0                 4      -4        0
 SINCE 1/1          0                 4      -4        0
.................................................................

WIND (MPH)
AVERAGE WIND SPEED              9.1
HIGHEST WIND SPEED/DIRECTION    49/270    DATE  04/14
HIGHEST GUST SPEED/DIRECTION    65/280    DATE  04/14


WEATHER CONDITIONS. NUMBER OF DAYS WITH
THUNDERSTORM              3     RAIN                       5
HAIL                      1     SNOW                       2
FOG                       7     FOG W/VIS <= 1/4 MILE      0
HAZE                      4

-  INDICATES NEGATIVE NUMBERS.
R  INDICATES RECORD WAS SET OR TIED.
MM INDICATES DATA IS MISSING.
T  INDICATES TRACE AMOUNT.

$$
