000
CXUS54 KMRX 011408
CLMTYS

CLIMATE REPORT NATIONAL WEATHER SERVICE MORRISTOWN TN
1008 AM EDT FRI MAY 1 2015

...................................

...THE KNOXVILLE  CLIMATE SUMMARY FOR THE MONTH OF APRIL 2015...

CLIMATE NORMAL PERIOD 1981 TO 2010
CLIMATE RECORD PERIOD 1871 TO 2015

WEATHER         OBSERVED          NORMAL  DEPART
                 VALUE   DATE(S)  VALUE   FROM
                                          NORMAL
................................................
TEMPERATURE (F)
HIGHEST            84   04/09
LOWEST             31   04/05
AVG. MAXIMUM     71.2              70.3     0.9
AVG. MINIMUM     50.8              47.3     3.5
MEAN             61.0              58.8     2.2
DAYS MAX >= 90      0
DAYS MAX <= 32      0
DAYS MIN <= 32      1
DAYS MIN <= 0       0

PRECIPITATION (INCHES)
RECORD
 MAXIMUM        17.62   1874
 MINIMUM         0.39   1976
TOTALS           4.14              4.01    0.13
DAYS >= .01        14
DAYS >= .10         9
DAYS >= .50         2
DAYS >= 1.00        1
GREATEST
 24 HR. TOTAL    1.23   04/14 TO 04/15

SNOWFALL (INCHES)
TOTALS            0.0               0.5    -0.5
SINCE 7/1         9.3
SNOWDEPTH AVG.      0
DAYS >= TRACE       0
GREATEST
 SNOW DEPTH         0   0

DEGREE_DAYS
HEATING TOTAL     136               218     -82
 SINCE 7/1       3815              3575     240
COOLING TOTAL      23                32      -9
 SINCE 1/1         25                37     -12
.................................................



-  INDICATES NEGATIVE NUMBERS.
R  INDICATES RECORD WAS SET OR TIED.
MM INDICATES DATA IS MISSING.
T  INDICATES TRACE AMOUNT.

$$
