000
CDUS43 KDTX 010541
CLIDTW


CLIMATE REPORT
NATIONAL WEATHER SERVICE DETROIT/PONTIAC MI
141 AM EDT FRI MAY 1 2015


...................................

...THE DETROIT MI CLIMATE SUMMARY FOR APRIL 30 2015...

CLIMATE NORMAL PERIOD 1981 TO 2010
CLIMATE RECORD PERIOD 1874 TO 2015


WEATHER ITEM   OBSERVED TIME   RECORD YEAR NORMAL DEPARTURE LAST
                VALUE   (LST)  VALUE       VALUE  FROM      YEAR
                                                  NORMAL
..................................................................
TEMPERATURE (F)
 YESTERDAY
  MAXIMUM         57    625 PM  87    1942  65     -8       67
  MINIMUM         46    659 AM  28    1876  44      2       52
  AVERAGE         52                        54     -2       60

PRECIPITATION (IN)
  YESTERDAY        0.30          0.97 1962   0.10   0.20     0.06
  MONTH TO DATE    2.61                      2.90  -0.29     2.57
  SINCE MAR 1      3.41                      5.18  -1.77     4.06
  SINCE JAN 1      6.21                      9.16  -2.95     9.80

SNOWFALL (IN)
  YESTERDAY        0.0           T    1963   0.0    0.0      0.0
  MONTH TO DATE    T                         1.7   -1.7      3.2
  SINCE MAR 1      2.8                       8.6   -5.8     15.7
  SINCE JUL 1     47.5                      42.5    5.0     94.9
  SNOW DEPTH       0

DEGREE DAYS
 HEATING
  YESTERDAY       13                        11      2        5
  MONTH TO DATE  441                       480    -39      473
  SINCE MAR 1   1378                      1341     37     1592
  SINCE JUL 1   6489                      5894    595     6842

 COOLING
  YESTERDAY        0                         0      0        0
  MONTH TO DATE    0                         6     -6        0
  SINCE MAR 1      0                         6     -6        0
  SINCE JAN 1      0                         6     -6        0
..................................................................


WIND (MPH)
  HIGHEST WIND SPEED    13   HIGHEST WIND DIRECTION     N (10)
  HIGHEST GUST SPEED    17   HIGHEST GUST DIRECTION     N (20)
  AVERAGE WIND SPEED     5.9


SKY COVER
  POSSIBLE SUNSHINE  MM
  AVERAGE SKY COVER 1.0


WEATHER CONDITIONS
 THE FOLLOWING WEATHER WAS RECORDED YESTERDAY.
  RAIN
  LIGHT RAIN
  FOG


RELATIVE HUMIDITY (PERCENT)
 HIGHEST    93           300 AM
 LOWEST     61           700 PM
 AVERAGE    77

..........................................................


THE DETROIT MI CLIMATE NORMALS FOR TODAY
                         NORMAL    RECORD    YEAR
 MAXIMUM TEMPERATURE (F)   65        86      1942
 MINIMUM TEMPERATURE (F)   45        26      1978


SUNRISE AND SUNSET
MAY  1 2015...........SUNRISE   629 AM EDT   SUNSET   832 PM EDT
MAY  2 2015...........SUNRISE   628 AM EDT   SUNSET   833 PM EDT


-  INDICATES NEGATIVE NUMBERS.
R  INDICATES RECORD WAS SET OR TIED.
MM INDICATES DATA IS MISSING.
T  INDICATES TRACE AMOUNT.




$$
