000
CDUS43 KDTX 030542
CLIDTW


CLIMATE REPORT
NATIONAL WEATHER SERVICE DETROIT/PONTIAC MI
139 AM EDT SUN MAY 3 2015


...................................

...THE DETROIT MI CLIMATE SUMMARY FOR MAY 2 2015...

CLIMATE NORMAL PERIOD 1981 TO 2010
CLIMATE RECORD PERIOD 1874 TO 2015


WEATHER ITEM   OBSERVED TIME   RECORD YEAR NORMAL DEPARTURE LAST
                VALUE   (LST)  VALUE       VALUE  FROM      YEAR
                                                  NORMAL
..................................................................
TEMPERATURE (F)
 YESTERDAY
  MAXIMUM         77    341 PM  85    2012  66     11       58
                                      1901
  MINIMUM         50    515 AM  29    1978  45      5       47
                                      1875
  AVERAGE         64                        55      9       53

PRECIPITATION (IN)
  YESTERDAY        0.00          1.66 1892   0.11  -0.11      T
  MONTH TO DATE    0.00                      0.21  -0.21      T
  SINCE MAR 1      3.41                      5.39  -1.98     4.06
  SINCE JAN 1      6.21                      9.37  -3.16     9.80

SNOWFALL (IN)
  YESTERDAY        0.0           0.1  1909   0.0    0.0      0.0
  MONTH TO DATE    0.0                       0.0    0.0      0.0
  SINCE MAR 1      2.8                       8.6   -5.8     15.7
  SINCE JUL 1     47.5                      42.5    5.0     94.9
  SNOW DEPTH       0

DEGREE DAYS
 HEATING
  YESTERDAY        1                        10     -9       12
  MONTH TO DATE    5                        21    -16       27
  SINCE MAR 1   1383                      1362     21     1619
  SINCE JUL 1   6494                      5915    579     6869

 COOLING
  YESTERDAY        0                         0      0        0
  MONTH TO DATE    0                         0      0        0
  SINCE MAR 1      0                         6     -6        0
  SINCE JAN 1      0                         6     -6        0
..................................................................


WIND (MPH)
  HIGHEST WIND SPEED    15   HIGHEST WIND DIRECTION     W (250)
  HIGHEST GUST SPEED    20   HIGHEST GUST DIRECTION     W (250)
  AVERAGE WIND SPEED     5.2


SKY COVER
  POSSIBLE SUNSHINE  MM
  AVERAGE SKY COVER 0.5


WEATHER CONDITIONS
 THE FOLLOWING WEATHER WAS RECORDED YESTERDAY.
  NO SIGNIFICANT WEATHER WAS OBSERVED.


RELATIVE HUMIDITY (PERCENT)
 HIGHEST    77           100 AM
 LOWEST     27           300 PM
 AVERAGE    52

..........................................................


THE DETROIT MI CLIMATE NORMALS FOR TODAY
                         NORMAL    RECORD    YEAR
 MAXIMUM TEMPERATURE (F)   66        89      2012
 MINIMUM TEMPERATURE (F)   45        28      1978


SUNRISE AND SUNSET
MAY  3 2015...........SUNRISE   627 AM EDT   SUNSET   835 PM EDT
MAY  4 2015...........SUNRISE   625 AM EDT   SUNSET   836 PM EDT


-  INDICATES NEGATIVE NUMBERS.
R  INDICATES RECORD WAS SET OR TIED.
MM INDICATES DATA IS MISSING.
T  INDICATES TRACE AMOUNT.




$$
