000
CDUS43 KDTX 160536
CLIDTW


CLIMATE REPORT
NATIONAL WEATHER SERVICE DETROIT/PONTIAC MI
136 AM EDT THU APR 16 2015


...................................

...THE DETROIT MI CLIMATE SUMMARY FOR APRIL 15 2015...

CLIMATE NORMAL PERIOD 1981 TO 2010
CLIMATE RECORD PERIOD 1874 TO 2015


WEATHER ITEM   OBSERVED TIME   RECORD YEAR NORMAL DEPARTURE LAST
                VALUE   (LST)  VALUE       VALUE  FROM      YEAR
                                                  NORMAL
..................................................................
TEMPERATURE (F)
 YESTERDAY
  MAXIMUM         64    425 PM  85    2003  59      5       33
                                      1976
  MINIMUM         41    335 AM  21    1935  39      2       26
  AVERAGE         53                        49      4       30

PRECIPITATION (IN)
  YESTERDAY        0.00          1.48 1919   0.10  -0.10     0.17
  MONTH TO DATE    1.62                      1.43   0.19     1.22
  SINCE MAR 1      2.42                      3.71  -1.29     2.71
  SINCE JAN 1      5.22                      7.69  -2.47     8.45

SNOWFALL (IN)
  YESTERDAY        0.0           2.6  2014   0.1   -0.1      2.6
  MONTH TO DATE    0.0                       1.3   -1.3      3.2
  SINCE MAR 1      2.8                       8.2   -5.4     15.7
  SINCE JUL 1     47.5                      42.1    5.4     94.9
  SNOW DEPTH       0

DEGREE DAYS
 HEATING
  YESTERDAY       12                        16     -4       35
  MONTH TO DATE  226                       280    -54      256
  SINCE MAR 1   1163                      1142     21     1375
  SINCE JUL 1   6274                      5695    579     6625

 COOLING
  YESTERDAY        0                         0      0        0
  MONTH TO DATE    0                         0      0        0
  SINCE MAR 1      0                         0      0        0
  SINCE JAN 1      0                         0      0        0
..................................................................


WIND (MPH)
  HIGHEST WIND SPEED    17   HIGHEST WIND DIRECTION     N (20)
  HIGHEST GUST SPEED    22   HIGHEST GUST DIRECTION    NE (60)
  AVERAGE WIND SPEED     7.5


SKY COVER
  POSSIBLE SUNSHINE  MM
  AVERAGE SKY COVER 0.7


WEATHER CONDITIONS
 THE FOLLOWING WEATHER WAS RECORDED YESTERDAY.
  NO SIGNIFICANT WEATHER WAS OBSERVED.


RELATIVE HUMIDITY (PERCENT)
 HIGHEST    67           300 AM
 LOWEST     17           200 PM
 AVERAGE    42

..........................................................


THE DETROIT MI CLIMATE NORMALS FOR TODAY
                         NORMAL    RECORD    YEAR
 MAXIMUM TEMPERATURE (F)   60        86      2002
 MINIMUM TEMPERATURE (F)   40        17      1875


SUNRISE AND SUNSET
APRIL 16 2015.........SUNRISE   651 AM EDT   SUNSET   816 PM EDT
APRIL 17 2015.........SUNRISE   650 AM EDT   SUNSET   817 PM EDT


-  INDICATES NEGATIVE NUMBERS.
R  INDICATES RECORD WAS SET OR TIED.
MM INDICATES DATA IS MISSING.
T  INDICATES TRACE AMOUNT.




$$
