000
CDUS43 KDTX 150536
CLIDTW


CLIMATE REPORT
NATIONAL WEATHER SERVICE DETROIT/PONTIAC MI
136 AM EDT WED APR 15 2015


...................................

...THE DETROIT MI CLIMATE SUMMARY FOR APRIL 14 2015...

CLIMATE NORMAL PERIOD 1981 TO 2010
CLIMATE RECORD PERIOD 1874 TO 2015


WEATHER ITEM   OBSERVED TIME   RECORD YEAR NORMAL DEPARTURE LAST
                VALUE   (LST)  VALUE       VALUE  FROM      YEAR
                                                  NORMAL
..................................................................
TEMPERATURE (F)
 YESTERDAY
  MAXIMUM         63    330 PM  81    2006  59      4       71
                                      1941
  MINIMUM         43    610 AM  20    1950  39      4       32
  AVERAGE         53                        49      4       52

PRECIPITATION (IN)
  YESTERDAY        0.00          1.14 1980   0.09  -0.09     0.14
  MONTH TO DATE    1.62                      1.33   0.29     1.05
  SINCE MAR 1      2.42                      3.61  -1.19     2.54
  SINCE JAN 1      5.22                      7.59  -2.37     8.28

SNOWFALL (IN)
  YESTERDAY        0.0           1.2  1980   0.0    0.0      0.6
  MONTH TO DATE    0.0                       1.2   -1.2      0.6
  SINCE MAR 1      2.8                       8.1   -5.3     13.1
  SINCE JUL 1     47.5                      42.0    5.5     92.3
  SNOW DEPTH       0

DEGREE DAYS
 HEATING
  YESTERDAY       12                        16     -4       13
  MONTH TO DATE  214                       264    -50      221
  SINCE MAR 1   1151                      1126     25     1340
  SINCE JUL 1   6262                      5679    583     6590

 COOLING
  YESTERDAY        0                         0      0        0
  MONTH TO DATE    0                         0      0        0
  SINCE MAR 1      0                         0      0        0
  SINCE JAN 1      0                         0      0        0
..................................................................


WIND (MPH)
  HIGHEST WIND SPEED    14   HIGHEST WIND DIRECTION    SE (130)
  HIGHEST GUST SPEED    29   HIGHEST GUST DIRECTION    NW (330)
  AVERAGE WIND SPEED     4.9


SKY COVER
  POSSIBLE SUNSHINE  MM
  AVERAGE SKY COVER 0.8


WEATHER CONDITIONS
 THE FOLLOWING WEATHER WAS RECORDED YESTERDAY.
  NO SIGNIFICANT WEATHER WAS OBSERVED.


RELATIVE HUMIDITY (PERCENT)
 HIGHEST    70          1200 AM
 LOWEST     25          1100 AM
 AVERAGE    48

..........................................................


THE DETROIT MI CLIMATE NORMALS FOR TODAY
                         NORMAL    RECORD    YEAR
 MAXIMUM TEMPERATURE (F)   59        85      2003
                                             1976
 MINIMUM TEMPERATURE (F)   39        21      1935


SUNRISE AND SUNSET
APRIL 15 2015.........SUNRISE   653 AM EDT   SUNSET   815 PM EDT
APRIL 16 2015.........SUNRISE   651 AM EDT   SUNSET   816 PM EDT


-  INDICATES NEGATIVE NUMBERS.
R  INDICATES RECORD WAS SET OR TIED.
MM INDICATES DATA IS MISSING.
T  INDICATES TRACE AMOUNT.




$$
