000
CDUS43 KDTX 230536
CLIDTW


CLIMATE REPORT
NATIONAL WEATHER SERVICE DETROIT/PONTIAC MI
136 AM EDT THU APR 23 2015


...................................

...THE DETROIT MI CLIMATE SUMMARY FOR APRIL 22 2015...

CLIMATE NORMAL PERIOD 1981 TO 2010
CLIMATE RECORD PERIOD 1874 TO 2015


WEATHER ITEM   OBSERVED TIME   RECORD YEAR NORMAL DEPARTURE LAST
                VALUE   (LST)  VALUE       VALUE  FROM      YEAR
                                                  NORMAL
..................................................................
TEMPERATURE (F)
 YESTERDAY
  MAXIMUM         44   1003 AM  87    1980  62    -18       62
  MINIMUM         37   1123 PM  20    1875  42     -5       41
  AVERAGE         41                        52    -11       52

PRECIPITATION (IN)
  YESTERDAY        T             1.23 1952   0.10  -0.10     0.01
  MONTH TO DATE    2.29                      2.12   0.17     1.24
  SINCE MAR 1      3.09                      4.40  -1.31     2.73
  SINCE JAN 1      5.89                      8.38  -2.49     8.47

SNOWFALL (IN)
  YESTERDAY        T             1.0  1912   0.0    0.0      0.0
  MONTH TO DATE    T                         1.6   -1.6      3.2
  SINCE MAR 1      2.8                       8.5   -5.7     15.7
  SINCE JUL 1     47.5                      42.4    5.1     94.9
  SNOW DEPTH       0

DEGREE DAYS
 HEATING
  YESTERDAY       24                        14     10       13
  MONTH TO DATE  302                       383    -81      363
  SINCE MAR 1   1239                      1245     -6     1482
  SINCE JUL 1   6350                      5798    552     6732

 COOLING
  YESTERDAY        0                         0      0        0
  MONTH TO DATE    0                         0      0        0
  SINCE MAR 1      0                         0      0        0
  SINCE JAN 1      0                         0      0        0
..................................................................


WIND (MPH)
  HIGHEST WIND SPEED    30   HIGHEST WIND DIRECTION     W (260)
  HIGHEST GUST SPEED    37   HIGHEST GUST DIRECTION     W (260)
  AVERAGE WIND SPEED    14.1


SKY COVER
  POSSIBLE SUNSHINE  MM
  AVERAGE SKY COVER 0.9


WEATHER CONDITIONS
 THE FOLLOWING WEATHER WAS RECORDED YESTERDAY.
  LIGHT SNOW


RELATIVE HUMIDITY (PERCENT)
 HIGHEST    70           500 AM
 LOWEST     46          1200 PM
 AVERAGE    58

..........................................................


THE DETROIT MI CLIMATE NORMALS FOR TODAY
                         NORMAL    RECORD    YEAR
 MAXIMUM TEMPERATURE (F)   62        88      1925
 MINIMUM TEMPERATURE (F)   42        23      1986


SUNRISE AND SUNSET
APRIL 23 2015.........SUNRISE   641 AM EDT   SUNSET   823 PM EDT
APRIL 24 2015.........SUNRISE   639 AM EDT   SUNSET   825 PM EDT


-  INDICATES NEGATIVE NUMBERS.
R  INDICATES RECORD WAS SET OR TIED.
MM INDICATES DATA IS MISSING.
T  INDICATES TRACE AMOUNT.




$$
