000
CDUS43 KDTX 140540
CLIDTW


CLIMATE REPORT
NATIONAL WEATHER SERVICE DETROIT/PONTIAC MI
139 AM EDT TUE APR 14 2015


...................................

...THE DETROIT MI CLIMATE SUMMARY FOR APRIL 13 2015...

CLIMATE NORMAL PERIOD 1981 TO 2010
CLIMATE RECORD PERIOD 1874 TO 2015


WEATHER ITEM   OBSERVED TIME   RECORD YEAR NORMAL DEPARTURE LAST
                VALUE   (LST)  VALUE       VALUE  FROM      YEAR
                                                  NORMAL
..................................................................
TEMPERATURE (F)
 YESTERDAY
  MAXIMUM         75   1052 AM  87    1977  58     17       79
                                      1941
  MINIMUM         44   1152 PM  19    1950  39      5       48
  AVERAGE         60                        48     12       64

PRECIPITATION (IN)
  YESTERDAY        0.04          1.52 1979   0.10  -0.06     0.00
  MONTH TO DATE    1.62                      1.24   0.38     0.91
  SINCE MAR 1      2.42                      3.52  -1.10     2.40
  SINCE JAN 1      5.22                      7.50  -2.28     8.14

SNOWFALL (IN)
  YESTERDAY        0.0           2.5  1940   0.1   -0.1      0.0
  MONTH TO DATE    0.0                       1.2   -1.2       T
  SINCE MAR 1      2.8                       8.1   -5.3     12.5
  SINCE JUL 1     47.5                      42.0    5.5     91.7
  SNOW DEPTH       0

DEGREE DAYS
 HEATING
  YESTERDAY        5                        17    -12        1
  MONTH TO DATE  202                       248    -46      208
  SINCE MAR 1   1139                      1110     29     1327
  SINCE JUL 1   6250                      5663    587     6577

 COOLING
  YESTERDAY        0                         0      0        0
  MONTH TO DATE    0                         0      0        0
  SINCE MAR 1      0                         0      0        0
  SINCE JAN 1      0                         0      0        0
..................................................................


WIND (MPH)
  HIGHEST WIND SPEED    31   HIGHEST WIND DIRECTION     W (260)
  HIGHEST GUST SPEED    43   HIGHEST GUST DIRECTION     S (200)
  AVERAGE WIND SPEED    12.2


SKY COVER
  POSSIBLE SUNSHINE  MM
  AVERAGE SKY COVER 0.8


WEATHER CONDITIONS
 THE FOLLOWING WEATHER WAS RECORDED YESTERDAY.
  LIGHT RAIN


RELATIVE HUMIDITY (PERCENT)
 HIGHEST    67           400 PM
 LOWEST     30           600 PM
 AVERAGE    49

..........................................................


THE DETROIT MI CLIMATE NORMALS FOR TODAY
                         NORMAL    RECORD    YEAR
 MAXIMUM TEMPERATURE (F)   59        81      2006
                                             1941
 MINIMUM TEMPERATURE (F)   39        20      1950


SUNRISE AND SUNSET
APRIL 14 2015.........SUNRISE   655 AM EDT   SUNSET   813 PM EDT
APRIL 15 2015.........SUNRISE   653 AM EDT   SUNSET   815 PM EDT


-  INDICATES NEGATIVE NUMBERS.
R  INDICATES RECORD WAS SET OR TIED.
MM INDICATES DATA IS MISSING.
T  INDICATES TRACE AMOUNT.




$$
