000
CDUS43 KDTX 190536
CLIDTW


CLIMATE REPORT
NATIONAL WEATHER SERVICE DETROIT/PONTIAC MI
136 AM EDT SUN APR 19 2015


...................................

...THE DETROIT MI CLIMATE SUMMARY FOR APRIL 18 2015...

CLIMATE NORMAL PERIOD 1981 TO 2010
CLIMATE RECORD PERIOD 1874 TO 2015


WEATHER ITEM   OBSERVED TIME   RECORD YEAR NORMAL DEPARTURE LAST
                VALUE   (LST)  VALUE       VALUE  FROM      YEAR
                                                  NORMAL
..................................................................
TEMPERATURE (F)
 YESTERDAY
  MAXIMUM         76   1132 AM  86    2004  60     16       65
  MINIMUM         48    427 AM   8    1875  40      8       41
  AVERAGE         62                        50     12       53

PRECIPITATION (IN)
  YESTERDAY        0.00          0.93 1917   0.10  -0.10     0.00
  MONTH TO DATE    1.66                      1.73  -0.07     1.22
  SINCE MAR 1      2.46                      4.01  -1.55     2.71
  SINCE JAN 1      5.26                      7.99  -2.73     8.45

SNOWFALL (IN)
  YESTERDAY        0.0           1.6  2011   0.1   -0.1      0.0
  MONTH TO DATE    0.0                       1.5   -1.5      3.2
  SINCE MAR 1      2.8                       8.4   -5.6     15.7
  SINCE JUL 1     47.5                      42.3    5.2     94.9
  SNOW DEPTH       0

DEGREE DAYS
 HEATING
  YESTERDAY        3                        15    -12       12
  MONTH TO DATE  242                       326    -84      318
  SINCE MAR 1   1179                      1188     -9     1437
  SINCE JUL 1   6290                      5741    549     6687

 COOLING
  YESTERDAY        0                         0      0        0
  MONTH TO DATE    0                         0      0        0
  SINCE MAR 1      0                         0      0        0
  SINCE JAN 1      0                         0      0        0
..................................................................


WIND (MPH)
  HIGHEST WIND SPEED    20   HIGHEST WIND DIRECTION     N (20)
  HIGHEST GUST SPEED    24   HIGHEST GUST DIRECTION    NE (60)
  AVERAGE WIND SPEED     8.1


SKY COVER
  POSSIBLE SUNSHINE  MM
  AVERAGE SKY COVER 0.5


WEATHER CONDITIONS
 THE FOLLOWING WEATHER WAS RECORDED YESTERDAY.
  NO SIGNIFICANT WEATHER WAS OBSERVED.


RELATIVE HUMIDITY (PERCENT)
 HIGHEST    80           500 AM
 LOWEST     14           700 PM
 AVERAGE    47

..........................................................


THE DETROIT MI CLIMATE NORMALS FOR TODAY
                         NORMAL    RECORD    YEAR
 MAXIMUM TEMPERATURE (F)   61        83      2005
                                             1977
 MINIMUM TEMPERATURE (F)   41        23      1897


SUNRISE AND SUNSET
APRIL 19 2015.........SUNRISE   647 AM EDT   SUNSET   819 PM EDT
APRIL 20 2015.........SUNRISE   645 AM EDT   SUNSET   820 PM EDT


-  INDICATES NEGATIVE NUMBERS.
R  INDICATES RECORD WAS SET OR TIED.
MM INDICATES DATA IS MISSING.
T  INDICATES TRACE AMOUNT.




$$
