000
CDUS43 KDTX 110536
CLIDTW


CLIMATE REPORT
NATIONAL WEATHER SERVICE DETROIT/PONTIAC MI
136 AM EDT SAT APR 11 2015


...................................

...THE DETROIT MI CLIMATE SUMMARY FOR APRIL 10 2015...

CLIMATE NORMAL PERIOD 1981 TO 2010
CLIMATE RECORD PERIOD 1874 TO 2015


WEATHER ITEM   OBSERVED TIME   RECORD YEAR NORMAL DEPARTURE LAST
                VALUE   (LST)  VALUE       VALUE  FROM      YEAR
                                                  NORMAL
..................................................................
TEMPERATURE (F)
 YESTERDAY
  MAXIMUM         68    423 AM  86    1977  57     11       71
  MINIMUM         43   1159 PM  20    1989  38      5       43
  AVERAGE         56                        47      9       57

PRECIPITATION (IN)
  YESTERDAY        0.13          1.21 1939   0.10   0.03     0.01
  MONTH TO DATE    1.58                      0.94   0.64     0.91
  SINCE MAR 1      2.38                      3.22  -0.84     2.40
  SINCE JAN 1      5.18                      7.20  -2.02     8.14

SNOWFALL (IN)
  YESTERDAY        0.0           3.0  1923   0.1   -0.1      0.0
  MONTH TO DATE    0.0                       1.0   -1.0       T
  SINCE MAR 1      2.8                       7.9   -5.1     12.5
  SINCE JUL 1     47.5                      41.8    5.7     91.7
  SNOW DEPTH       0

DEGREE DAYS
 HEATING
  YESTERDAY        9                        18     -9        8
  MONTH TO DATE  168                       196    -28      189
  SINCE MAR 1   1105                      1058     47     1308
  SINCE JUL 1   6216                      5611    605     6558

 COOLING
  YESTERDAY        0                         0      0        0
  MONTH TO DATE    0                         0      0        0
  SINCE MAR 1      0                         0      0        0
  SINCE JAN 1      0                         0      0        0
..................................................................


WIND (MPH)
  HIGHEST WIND SPEED    36   HIGHEST WIND DIRECTION    SW (230)
  HIGHEST GUST SPEED    46   HIGHEST GUST DIRECTION    SW (240)
  AVERAGE WIND SPEED    19.1


SKY COVER
  POSSIBLE SUNSHINE  MM
  AVERAGE SKY COVER 0.8


WEATHER CONDITIONS
 THE FOLLOWING WEATHER WAS RECORDED YESTERDAY.
  HEAVY RAIN
  RAIN
  LIGHT RAIN
  FOG


RELATIVE HUMIDITY (PERCENT)
 HIGHEST    87          1200 AM
 LOWEST     37           500 PM
 AVERAGE    62

..........................................................


THE DETROIT MI CLIMATE NORMALS FOR TODAY
                         NORMAL    RECORD    YEAR
 MAXIMUM TEMPERATURE (F)   57        87      1977
 MINIMUM TEMPERATURE (F)   38        22      1940


SUNRISE AND SUNSET
APRIL 11 2015.........SUNRISE   700 AM EDT   SUNSET   810 PM EDT
APRIL 12 2015.........SUNRISE   658 AM EDT   SUNSET   811 PM EDT


-  INDICATES NEGATIVE NUMBERS.
R  INDICATES RECORD WAS SET OR TIED.
MM INDICATES DATA IS MISSING.
T  INDICATES TRACE AMOUNT.




$$
