000
CDUS43 KDTX 260606
CLIDTW


CLIMATE REPORT
NATIONAL WEATHER SERVICE DETROIT/PONTIAC MI
206 AM EDT THU MAR 26 2015


...................................

...THE DETROIT MI CLIMATE SUMMARY FOR MARCH 25 2015...

CLIMATE NORMAL PERIOD 1981 TO 2010
CLIMATE RECORD PERIOD 1874 TO 2015


WEATHER ITEM   OBSERVED TIME   RECORD YEAR NORMAL DEPARTURE LAST
                VALUE   (LST)  VALUE       VALUE  FROM      YEAR
                                                  NORMAL
..................................................................
TEMPERATURE (F)
 YESTERDAY
  MAXIMUM         54    313 PM  78    1945  50      4       35
  MINIMUM         29    116 AM   4    1974  32     -3       16
  AVERAGE         42                        41      1       26

PRECIPITATION (IN)
  YESTERDAY        0.20          1.73 1954   0.07   0.13     0.03
  MONTH TO DATE    0.52                      1.79  -1.27     1.43
  SINCE MAR 1      0.52                      1.79  -1.27     1.43
  SINCE JAN 1      3.32                      5.77  -2.45     7.17

SNOWFALL (IN)
  YESTERDAY        0.0           6.0  1933   0.1   -0.1      1.0
  MONTH TO DATE    2.8                       6.0   -3.2     12.5
  SINCE MAR 1      2.8                       6.0   -3.2     12.5
  SINCE JUL 1     47.5                      39.9    7.6     91.7
  SNOW DEPTH       0

DEGREE DAYS
 HEATING
  YESTERDAY       23                        24     -1       39
  MONTH TO DATE  764                       725     39      954
  SINCE MAR 1    764                       725     39      954
  SINCE JUL 1   5875                      5278    597     6204

 COOLING
  YESTERDAY        0                         0      0        0
  MONTH TO DATE    0                         0      0        0
  SINCE MAR 1      0                         0      0        0
  SINCE JAN 1      0                         0      0        0
..................................................................


WIND (MPH)
  HIGHEST WIND SPEED    28   HIGHEST WIND DIRECTION    SW (230)
  HIGHEST GUST SPEED    36   HIGHEST GUST DIRECTION    SW (240)
  AVERAGE WIND SPEED    12.0


SKY COVER
  POSSIBLE SUNSHINE  MM
  AVERAGE SKY COVER 0.9


WEATHER CONDITIONS
 THE FOLLOWING WEATHER WAS RECORDED YESTERDAY.
  RAIN
  LIGHT RAIN
  FOG
  HAZE


RELATIVE HUMIDITY (PERCENT)
 HIGHEST   100          1000 AM
 LOWEST     58           200 AM
 AVERAGE    79

..........................................................


THE DETROIT MI CLIMATE NORMALS FOR TODAY
                         NORMAL    RECORD    YEAR
 MAXIMUM TEMPERATURE (F)   50        81      2007
 MINIMUM TEMPERATURE (F)   32        11      2014
                                             2001
                                             1937


SUNRISE AND SUNSET
MARCH 26 2015.........SUNRISE   727 AM EDT   SUNSET   752 PM EDT
MARCH 27 2015.........SUNRISE   725 AM EDT   SUNSET   753 PM EDT


-  INDICATES NEGATIVE NUMBERS.
R  INDICATES RECORD WAS SET OR TIED.
MM INDICATES DATA IS MISSING.
T  INDICATES TRACE AMOUNT.




$$
