000
CDUS43 KDTX 280537
CLIDTW


CLIMATE REPORT
NATIONAL WEATHER SERVICE DETROIT/PONTIAC MI
137 AM EDT TUE APR 28 2015


...................................

...THE DETROIT MI CLIMATE SUMMARY FOR APRIL 27 2015...

CLIMATE NORMAL PERIOD 1981 TO 2010
CLIMATE RECORD PERIOD 1874 TO 2015


WEATHER ITEM   OBSERVED TIME   RECORD YEAR NORMAL DEPARTURE LAST
                VALUE   (LST)  VALUE       VALUE  FROM      YEAR
                                                  NORMAL
..................................................................
TEMPERATURE (F)
 YESTERDAY
  MAXIMUM         52    600 PM  84    2009  64    -12       54
                                      1990
                                      1962
  MINIMUM         39   1252 AM  28    1996  43     -4       34
                                      1874
  AVERAGE         46                        54     -8       44

PRECIPITATION (IN)
  YESTERDAY        T             1.40 1943   0.10  -0.10     0.00
  MONTH TO DATE    2.31                      2.60  -0.29     1.46
  SINCE MAR 1      3.11                      4.88  -1.77     2.95
  SINCE JAN 1      5.91                      8.86  -2.95     8.69

SNOWFALL (IN)
  YESTERDAY        0.0           T    2004   0.0    0.0      0.0
  MONTH TO DATE    T                         1.7   -1.7      3.2
  SINCE MAR 1      2.8                       8.6   -5.8     15.7
  SINCE JUL 1     47.5                      42.5    5.0     94.9
  SNOW DEPTH       0

DEGREE DAYS
 HEATING
  YESTERDAY       19                        12      7       21
  MONTH TO DATE  403                       446    -43      450
  SINCE MAR 1   1340                      1308     32     1569
  SINCE JUL 1   6451                      5861    590     6819

 COOLING
  YESTERDAY        0                         0      0        0
  MONTH TO DATE    0                         0      0        0
  SINCE MAR 1      0                         0      0        0
  SINCE JAN 1      0                         0      0        0
..................................................................


WIND (MPH)
  HIGHEST WIND SPEED    20   HIGHEST WIND DIRECTION    NW (320)
  HIGHEST GUST SPEED    30   HIGHEST GUST DIRECTION    NW (330)
  AVERAGE WIND SPEED     8.1


SKY COVER
  POSSIBLE SUNSHINE  MM
  AVERAGE SKY COVER 0.8


WEATHER CONDITIONS
 THE FOLLOWING WEATHER WAS RECORDED YESTERDAY.
  NO SIGNIFICANT WEATHER WAS OBSERVED.


RELATIVE HUMIDITY (PERCENT)
 HIGHEST    70           100 AM
 LOWEST     50           300 PM
 AVERAGE    60

..........................................................


THE DETROIT MI CLIMATE NORMALS FOR TODAY
                         NORMAL    RECORD    YEAR
 MAXIMUM TEMPERATURE (F)   64        84      1986
 MINIMUM TEMPERATURE (F)   44        28      1934
                                             1909


SUNRISE AND SUNSET
APRIL 28 2015.........SUNRISE   633 AM EDT   SUNSET   829 PM EDT
APRIL 29 2015.........SUNRISE   632 AM EDT   SUNSET   830 PM EDT


-  INDICATES NEGATIVE NUMBERS.
R  INDICATES RECORD WAS SET OR TIED.
MM INDICATES DATA IS MISSING.
T  INDICATES TRACE AMOUNT.




$$
