000
CDUS43 KDTX 100555
CLIDTW


CLIMATE REPORT
NATIONAL WEATHER SERVICE DETROIT/PONTIAC MI
155 AM EDT FRI APR 10 2015


...................................

...THE DETROIT MI CLIMATE SUMMARY FOR APRIL 9 2015...

CLIMATE NORMAL PERIOD 1981 TO 2010
CLIMATE RECORD PERIOD 1874 TO 2015


WEATHER ITEM   OBSERVED TIME   RECORD YEAR NORMAL DEPARTURE LAST
                VALUE   (LST)  VALUE       VALUE  FROM      YEAR
                                                  NORMAL
..................................................................
TEMPERATURE (F)
 YESTERDAY
  MAXIMUM         67    819 PM  78    1931  57     10       58
  MINIMUM         39    731 AM  19    1985  37      2       36
                                      1914
  AVERAGE         53                        47      6       47

PRECIPITATION (IN)
  YESTERDAY        0.97          1.40 1998   0.10   0.87     0.00
  MONTH TO DATE    1.45                      0.84   0.61     0.90
  SINCE MAR 1      2.25                      3.12  -0.87     2.39
  SINCE JAN 1      5.05                      7.10  -2.05     8.13

SNOWFALL (IN)
  YESTERDAY       MM             2.8  1961   0.1   MM        0.0
  MONTH TO DATE    0.0                       0.9   -0.9       T
  SINCE MAR 1      2.8                       7.8   -5.0     12.5
  SINCE JUL 1     47.5                      41.7    5.8     91.7
  SNOW DEPTH       0

DEGREE DAYS
 HEATING
  YESTERDAY       12                        18     -6       18
  MONTH TO DATE  159                       178    -19      181
  SINCE MAR 1   1096                      1040     56     1300
  SINCE JUL 1   6207                      5593    614     6550

 COOLING
  YESTERDAY        0                         0      0        0
  MONTH TO DATE    0                         0      0        0
  SINCE MAR 1      0                         0      0        0
  SINCE JAN 1      0                         0      0        0
..................................................................


WIND (MPH)
  HIGHEST WIND SPEED    25   HIGHEST WIND DIRECTION     S (200)
  HIGHEST GUST SPEED    38   HIGHEST GUST DIRECTION     S (200)
  AVERAGE WIND SPEED     8.1


SKY COVER
  POSSIBLE SUNSHINE  MM
  AVERAGE SKY COVER 0.9


WEATHER CONDITIONS
 THE FOLLOWING WEATHER WAS RECORDED YESTERDAY.
  THUNDERSTORM
  HEAVY RAIN
  RAIN
  LIGHT RAIN
  FOG
  HAZE


RELATIVE HUMIDITY (PERCENT)
 HIGHEST    96          1000 AM
 LOWEST     82           100 AM
 AVERAGE    89

..........................................................


THE DETROIT MI CLIMATE NORMALS FOR TODAY
                         NORMAL    RECORD    YEAR
 MAXIMUM TEMPERATURE (F)   57        86      1977
 MINIMUM TEMPERATURE (F)   38        20      1989


SUNRISE AND SUNSET
APRIL 10 2015.........SUNRISE   701 AM EDT   SUNSET   809 PM EDT
APRIL 11 2015.........SUNRISE   700 AM EDT   SUNSET   810 PM EDT


-  INDICATES NEGATIVE NUMBERS.
R  INDICATES RECORD WAS SET OR TIED.
MM INDICATES DATA IS MISSING.
T  INDICATES TRACE AMOUNT.




$$
