000
CDUS43 KDTX 082030
CLIDTW


CLIMATE REPORT
NATIONAL WEATHER SERVICE DETROIT/PONTIAC MI
430 PM EDT WED APR 8 2015


...................................

...THE DETROIT MI CLIMATE SUMMARY FOR APRIL 8 2015...
VALID TODAY AS OF 0400 PM LOCAL TIME.

CLIMATE NORMAL PERIOD 1981 TO 2010
CLIMATE RECORD PERIOD 1874 TO 2015


WEATHER ITEM   OBSERVED TIME   RECORD YEAR NORMAL DEPARTURE LAST
                VALUE   (LST)  VALUE       VALUE  FROM      YEAR
                                                  NORMAL
..................................................................
TEMPERATURE (F)
 TODAY
  MAXIMUM         45    259 PM  79    2001  56    -11       63
  MINIMUM         38    703 AM  11    1982  37      1       39
  AVERAGE         42                        46     -4       51

PRECIPITATION (IN)
  TODAY            0.04          0.94 2002   0.10  -0.06     0.07
  MONTH TO DATE    0.48                      0.74  -0.26     0.90
  SINCE MAR 1      1.28                      3.02  -1.74     2.39
  SINCE JAN 1      4.08                      7.00  -2.92     8.13

SNOWFALL (IN)
  TODAY            0.0           0.8  1902   0.0    0.0      0.0
  MONTH TO DATE    0.0                       0.8   -0.8       T
  SINCE MAR 1      2.8                       7.7   -4.9     12.5
  SINCE JUL 1     47.5                      41.6    5.9     91.7
  SNOW DEPTH       0

DEGREE DAYS
 HEATING
  TODAY           23                        19      4       14
  MONTH TO DATE  148                       160    -12      163
  SINCE MAR 1   1085                      1022     63     1282
  SINCE JUL 1   6196                      5575    621     6532

 COOLING
  TODAY            0                         0      0        0
  MONTH TO DATE    0                         0      0        0
  SINCE MAR 1      0                         0      0        0
  SINCE JAN 1      0                         0      0        0
..................................................................


WIND (MPH)
  HIGHEST WIND SPEED    13   HIGHEST WIND DIRECTION     E (90)
  HIGHEST GUST SPEED    18   HIGHEST GUST DIRECTION    NE (60)
  AVERAGE WIND SPEED     6.9


SKY COVER
  POSSIBLE SUNSHINE  MM
  AVERAGE SKY COVER 0.9


WEATHER CONDITIONS
 THE FOLLOWING WEATHER WAS RECORDED TODAY.
  THUNDERSTORM
  RAIN
  LIGHT RAIN
  FOG
  FOG W/VISIBILITY <= 1/4 MILE


RELATIVE HUMIDITY (PERCENT)
 HIGHEST    96           200 PM
 LOWEST     79           100 AM
 AVERAGE    88

..........................................................


THE DETROIT MI CLIMATE NORMALS FOR TOMORROW
                         NORMAL    RECORD    YEAR
 MAXIMUM TEMPERATURE (F)   57        78      1931
 MINIMUM TEMPERATURE (F)   37        19      1985
                                             1914


SUNRISE AND SUNSET
APRIL  8 2015.........SUNRISE   704 AM EDT   SUNSET   807 PM EDT
APRIL  9 2015.........SUNRISE   703 AM EDT   SUNSET   808 PM EDT


-  INDICATES NEGATIVE NUMBERS.
R  INDICATES RECORD WAS SET OR TIED.
MM INDICATES DATA IS MISSING.
T  INDICATES TRACE AMOUNT.




$$
