000
CDUS43 KDTX 032030
CLIFNT


CLIMATE REPORT
NATIONAL WEATHER SERVICE DETROIT/PONTIAC MI
428 PM EDT SUN MAY 3 2015


...................................

...THE FLINT MI CLIMATE SUMMARY FOR MAY 3 2015...
VALID TODAY AS OF 0400 PM LOCAL TIME.

CLIMATE NORMAL PERIOD 1981 TO 2010
CLIMATE RECORD PERIOD 1921 TO 2015


WEATHER ITEM   OBSERVED TIME   RECORD YEAR NORMAL DEPARTURE LAST
                VALUE   (LST)  VALUE       VALUE  FROM      YEAR
                                                  NORMAL
..................................................................
TEMPERATURE (F)
 TODAY
  MAXIMUM         80    259 PM  88    2012  64     16       60
                                      1938
  MINIMUM         49   1256 AM  26    1986  41      8       42
  AVERAGE         65                        53     12       51

PRECIPITATION (IN)
  TODAY            0.00          2.39 2012   0.10  -0.10     0.17
  MONTH TO DATE    0.00                      0.29  -0.29     0.41
  SINCE MAR 1      2.55                      5.09  -2.54     4.10
  SINCE JAN 1      4.72                      8.20  -3.48     8.11

SNOWFALL (IN)
  TODAY            0.0           T    2005   0.0    0.0      0.0
  MONTH TO DATE    0.0                       0.0    0.0      0.0
  SINCE MAR 1      4.8                       8.8   -4.0     10.7
  SINCE JUL 1     45.3                      47.4   -2.1     83.9
  SNOW DEPTH       0

DEGREE DAYS
 HEATING
  TODAY            0                        13    -13       14
  MONTH TO DATE   11                        39    -28       45
  SINCE MAR 1   1492                      1558    -66     1776
  SINCE JUL 1   6800                      6646    154     7297

 COOLING
  TODAY            0                         0      0        0
  MONTH TO DATE    0                         0      0        0
  SINCE MAR 1      0                         4     -4        0
  SINCE JAN 1      0                         4     -4        0
..................................................................


WIND (MPH)
  HIGHEST WIND SPEED    20   HIGHEST WIND DIRECTION    SW (240)
  HIGHEST GUST SPEED    26   HIGHEST GUST DIRECTION     W (250)
  AVERAGE WIND SPEED     9.1


SKY COVER
  POSSIBLE SUNSHINE  MM
  AVERAGE SKY COVER 0.1


WEATHER CONDITIONS
 THE FOLLOWING WEATHER WAS RECORDED TODAY.
  NO SIGNIFICANT WEATHER WAS OBSERVED.


RELATIVE HUMIDITY (PERCENT)
 HIGHEST    71           100 AM
 LOWEST     25          1200 PM
 AVERAGE    48

..........................................................


THE FLINT MI CLIMATE NORMALS FOR TOMORROW
                         NORMAL    RECORD    YEAR
 MAXIMUM TEMPERATURE (F)   65        88      1949
 MINIMUM TEMPERATURE (F)   41        23      2005


SUNRISE AND SUNSET
MAY  3 2015...........SUNRISE   626 AM EDT   SUNSET   838 PM EDT
MAY  4 2015...........SUNRISE   625 AM EDT   SUNSET   839 PM EDT


-  INDICATES NEGATIVE NUMBERS.
R  INDICATES RECORD WAS SET OR TIED.
MM INDICATES DATA IS MISSING.
T  INDICATES TRACE AMOUNT.




$$
