000
CDUS43 KDTX 220539
CLIFNT


CLIMATE REPORT
NATIONAL WEATHER SERVICE DETROIT/PONTIAC MI
139 AM EDT WED APR 22 2015


...................................

...THE FLINT MI CLIMATE SUMMARY FOR APRIL 21 2015...

CLIMATE NORMAL PERIOD 1981 TO 2010
CLIMATE RECORD PERIOD 1921 TO 2015


WEATHER ITEM   OBSERVED TIME   RECORD YEAR NORMAL DEPARTURE LAST
                VALUE   (LST)  VALUE       VALUE  FROM      YEAR
                                                  NORMAL
..................................................................
TEMPERATURE (F)
 YESTERDAY
  MAXIMUM         49    445 PM  84    1985  60    -11       81
  MINIMUM         37   1110 PM  23    2013  37      0       46
  AVERAGE         43                        49     -6       64

PRECIPITATION (IN)
  YESTERDAY        0.01          1.35 1937   0.10  -0.09     0.17
  MONTH TO DATE    1.50                      2.04  -0.54     1.12
  SINCE MAR 1      2.42                      3.95  -1.53     2.33
  SINCE JAN 1      4.59                      7.06  -2.47     6.34

SNOWFALL (IN)
  YESTERDAY        0.0           0.3    MM   0.0    0.0      0.0
  MONTH TO DATE    T                         2.0   -2.0      1.3
  SINCE MAR 1      4.5                       8.5   -4.0     10.7
  SINCE JUL 1     45.0                      47.1   -2.1     83.9
  SNOW DEPTH       0

DEGREE DAYS
 HEATING
  YESTERDAY       22                        17      5        1
  MONTH TO DATE  313                       428   -115      391
  SINCE MAR 1   1303                      1385    -82     1595
  SINCE JUL 1   6611                      6473    138     7116

 COOLING
  YESTERDAY        0                         0      0        0
  MONTH TO DATE    0                         0      0        0
  SINCE MAR 1      0                         0      0        0
  SINCE JAN 1      0                         0      0        0
..................................................................


WIND (MPH)
  HIGHEST WIND SPEED    30   HIGHEST WIND DIRECTION     W (250)
  HIGHEST GUST SPEED    40   HIGHEST GUST DIRECTION     W (250)
  AVERAGE WIND SPEED    15.0


SKY COVER
  POSSIBLE SUNSHINE  MM
  AVERAGE SKY COVER 0.9


WEATHER CONDITIONS
 THE FOLLOWING WEATHER WAS RECORDED YESTERDAY.
  LIGHT RAIN


RELATIVE HUMIDITY (PERCENT)
 HIGHEST    79           900 PM
 LOWEST     45           300 PM
 AVERAGE    62

..........................................................


THE FLINT MI CLIMATE NORMALS FOR TODAY
                         NORMAL    RECORD    YEAR
 MAXIMUM TEMPERATURE (F)   60        84      1985
                                             1980
 MINIMUM TEMPERATURE (F)   38        20      1927


SUNRISE AND SUNSET
APRIL 22 2015.........SUNRISE   642 AM EDT   SUNSET   825 PM EDT
APRIL 23 2015.........SUNRISE   641 AM EDT   SUNSET   826 PM EDT


-  INDICATES NEGATIVE NUMBERS.
R  INDICATES RECORD WAS SET OR TIED.
MM INDICATES DATA IS MISSING.
T  INDICATES TRACE AMOUNT.




$$
