000
CDUS43 KDTX 250537
CLIFNT


CLIMATE REPORT
NATIONAL WEATHER SERVICE DETROIT/PONTIAC MI
137 AM EDT WED MAR 25 2015


...................................

...THE FLINT MI CLIMATE SUMMARY FOR MARCH 24 2015...

CLIMATE NORMAL PERIOD 1981 TO 2010
CLIMATE RECORD PERIOD 1921 TO 2015


WEATHER ITEM   OBSERVED TIME   RECORD YEAR NORMAL DEPARTURE LAST
                VALUE   (LST)  VALUE       VALUE  FROM      YEAR
                                                  NORMAL
..................................................................
TEMPERATURE (F)
 YESTERDAY
  MAXIMUM         45    456 PM  73    1928  47     -2       31
  MINIMUM         16    655 AM  -7    1965  28    -12       11
  AVERAGE         31                        37     -6       21

PRECIPITATION (IN)
  YESTERDAY        0.00          0.67 1947   0.07  -0.07      T
  MONTH TO DATE    0.26                      1.40  -1.14     1.03
  SINCE MAR 1      0.26                      1.40  -1.14     1.03
  SINCE JAN 1      2.43                      4.51  -2.08     5.04

SNOWFALL (IN)
  YESTERDAY        0.0           2.2  1960   0.2   -0.2       T
  MONTH TO DATE    3.4                       5.5   -2.1      9.1
  SINCE MAR 1      3.4                       5.5   -2.1      9.1
  SINCE JUL 1     43.9                      44.1   -0.2     82.3
  SNOW DEPTH       0

DEGREE DAYS
 HEATING
  YESTERDAY       34                        28      6       44
  MONTH TO DATE  782                       774      8      988
  SINCE MAR 1    782                       774      8      988
  SINCE JUL 1   6090                      5862    228     6509

 COOLING
  YESTERDAY        0                         0      0        0
  MONTH TO DATE    0                         0      0        0
  SINCE MAR 1      0                         0      0        0
  SINCE JAN 1      0                         0      0        0
..................................................................


WIND (MPH)
  HIGHEST WIND SPEED    13   HIGHEST WIND DIRECTION    SE (140)
  HIGHEST GUST SPEED    17   HIGHEST GUST DIRECTION    SE (140)
  AVERAGE WIND SPEED     6.5


SKY COVER
  POSSIBLE SUNSHINE  MM
  AVERAGE SKY COVER 0.1


WEATHER CONDITIONS
 THE FOLLOWING WEATHER WAS RECORDED YESTERDAY.
  NO SIGNIFICANT WEATHER WAS OBSERVED.


RELATIVE HUMIDITY (PERCENT)
 HIGHEST    80           700 AM
 LOWEST     22           300 PM
 AVERAGE    51

..........................................................


THE FLINT MI CLIMATE NORMALS FOR TODAY
                         NORMAL    RECORD    YEAR
 MAXIMUM TEMPERATURE (F)   48        79      1945
 MINIMUM TEMPERATURE (F)   28        -1      1960


SUNRISE AND SUNSET
MARCH 25 2015.........SUNRISE   730 AM EDT   SUNSET   753 PM EDT
MARCH 26 2015.........SUNRISE   728 AM EDT   SUNSET   754 PM EDT


-  INDICATES NEGATIVE NUMBERS.
R  INDICATES RECORD WAS SET OR TIED.
MM INDICATES DATA IS MISSING.
T  INDICATES TRACE AMOUNT.




$$
