000
CDUS43 KDTX 160536
CLIFNT


CLIMATE REPORT
NATIONAL WEATHER SERVICE DETROIT/PONTIAC MI
136 AM EDT THU APR 16 2015


...................................

...THE FLINT MI CLIMATE SUMMARY FOR APRIL 15 2015...

CLIMATE NORMAL PERIOD 1981 TO 2010
CLIMATE RECORD PERIOD 1921 TO 2015


WEATHER ITEM   OBSERVED TIME   RECORD YEAR NORMAL DEPARTURE LAST
                VALUE   (LST)  VALUE       VALUE  FROM      YEAR
                                                  NORMAL
..................................................................
TEMPERATURE (F)
 YESTERDAY
  MAXIMUM         66    257 PM  85    2003  57      9       34
  MINIMUM         39    538 AM  20    1926  35      4       22
  AVERAGE         53                        46      7       28

PRECIPITATION (IN)
  YESTERDAY        0.00          1.29 1976   0.10  -0.10     0.05
  MONTH TO DATE    1.17                      1.44  -0.27     0.86
  SINCE MAR 1      2.09                      3.35  -1.26     2.07
  SINCE JAN 1      4.26                      6.46  -2.20     6.08

SNOWFALL (IN)
  YESTERDAY        0.0           0.7  2014   0.1   -0.1      0.7
  MONTH TO DATE    T                         1.7   -1.7      1.3
  SINCE MAR 1      4.5                       8.2   -3.7     10.7
  SINCE JUL 1     45.0                      46.8   -1.8     83.9
  SNOW DEPTH       0

DEGREE DAYS
 HEATING
  YESTERDAY       12                        19     -7       37
  MONTH TO DATE  245                       323    -78      294
  SINCE MAR 1   1235                      1280    -45     1498
  SINCE JUL 1   6543                      6368    175     7019

 COOLING
  YESTERDAY        0                         0      0        0
  MONTH TO DATE    0                         0      0        0
  SINCE MAR 1      0                         0      0        0
  SINCE JAN 1      0                         0      0        0
..................................................................


WIND (MPH)
  HIGHEST WIND SPEED    18   HIGHEST WIND DIRECTION    NE (60)
  HIGHEST GUST SPEED    24   HIGHEST GUST DIRECTION     E (100)
  AVERAGE WIND SPEED    10.5


SKY COVER
  POSSIBLE SUNSHINE  MM
  AVERAGE SKY COVER 0.0


WEATHER CONDITIONS
 THE FOLLOWING WEATHER WAS RECORDED YESTERDAY.
  NO SIGNIFICANT WEATHER WAS OBSERVED.


RELATIVE HUMIDITY (PERCENT)
 HIGHEST    58           300 AM
 LOWEST     19          1200 PM
 AVERAGE    39

..........................................................


THE FLINT MI CLIMATE NORMALS FOR TODAY
                         NORMAL    RECORD    YEAR
 MAXIMUM TEMPERATURE (F)   58        87      2002
 MINIMUM TEMPERATURE (F)   36        19      2014


SUNRISE AND SUNSET
APRIL 16 2015.........SUNRISE   652 AM EDT   SUNSET   818 PM EDT
APRIL 17 2015.........SUNRISE   650 AM EDT   SUNSET   819 PM EDT


-  INDICATES NEGATIVE NUMBERS.
R  INDICATES RECORD WAS SET OR TIED.
MM INDICATES DATA IS MISSING.
T  INDICATES TRACE AMOUNT.




$$
