000
CDUS43 KDTX 100555
CLIFNT


CLIMATE REPORT
NATIONAL WEATHER SERVICE DETROIT/PONTIAC MI
155 AM EDT FRI APR 10 2015


...................................

...THE FLINT MI CLIMATE SUMMARY FOR APRIL 9 2015...

CLIMATE NORMAL PERIOD 1981 TO 2010
CLIMATE RECORD PERIOD 1921 TO 2015


WEATHER ITEM   OBSERVED TIME   RECORD YEAR NORMAL DEPARTURE LAST
                VALUE   (LST)  VALUE       VALUE  FROM      YEAR
                                                  NORMAL
..................................................................
TEMPERATURE (F)
 YESTERDAY
  MAXIMUM         67   1159 PM  79    1931  55     12       57
  MINIMUM         40    244 AM  18    1997  33      7       29
  AVERAGE         54                        44     10       43

PRECIPITATION (IN)
  YESTERDAY        0.36          1.17 2013   0.10   0.26     0.00
  MONTH TO DATE    1.13                      0.82   0.31     0.43
  SINCE MAR 1      2.05                      2.73  -0.68     1.64
  SINCE JAN 1      4.22                      5.84  -1.62     5.65

SNOWFALL (IN)
  YESTERDAY       MM             2.6  1973   0.1   MM        0.0
  MONTH TO DATE    T                         1.1   -1.1       T
  SINCE MAR 1      4.5                       7.6   -3.1      9.4
  SINCE JUL 1     45.0                      46.2   -1.2     82.6
  SNOW DEPTH       0

DEGREE DAYS
 HEATING
  YESTERDAY       11                        21    -10       22
  MONTH TO DATE  170                       204    -34      206
  SINCE MAR 1   1160                      1161     -1     1410
  SINCE JUL 1   6468                      6249    219     6931

 COOLING
  YESTERDAY        0                         0      0        0
  MONTH TO DATE    0                         0      0        0
  SINCE MAR 1      0                         0      0        0
  SINCE JAN 1      0                         0      0        0
..................................................................


WIND (MPH)
  HIGHEST WIND SPEED    16   HIGHEST WIND DIRECTION    SE (130)
  HIGHEST GUST SPEED    21   HIGHEST GUST DIRECTION     S (190)
  AVERAGE WIND SPEED     8.6


SKY COVER
  POSSIBLE SUNSHINE  MM
  AVERAGE SKY COVER 0.9


WEATHER CONDITIONS
 THE FOLLOWING WEATHER WAS RECORDED YESTERDAY.
  THUNDERSTORM
  RAIN
  LIGHT RAIN
  FOG
  HAZE


RELATIVE HUMIDITY (PERCENT)
 HIGHEST    93          1100 AM
 LOWEST     78          1100 PM
 AVERAGE    86

..........................................................


THE FLINT MI CLIMATE NORMALS FOR TODAY
                         NORMAL    RECORD    YEAR
 MAXIMUM TEMPERATURE (F)   55        83      2011
 MINIMUM TEMPERATURE (F)   34        16      1989


SUNRISE AND SUNSET
APRIL 10 2015.........SUNRISE   702 AM EDT   SUNSET   811 PM EDT
APRIL 11 2015.........SUNRISE   700 AM EDT   SUNSET   813 PM EDT


-  INDICATES NEGATIVE NUMBERS.
R  INDICATES RECORD WAS SET OR TIED.
MM INDICATES DATA IS MISSING.
T  INDICATES TRACE AMOUNT.




$$
