000
CDUS43 KDTX 082030
CLIFNT


CLIMATE REPORT
NATIONAL WEATHER SERVICE DETROIT/PONTIAC MI
430 PM EDT WED APR 8 2015


...................................

...THE FLINT MI CLIMATE SUMMARY FOR APRIL 8 2015...
VALID TODAY AS OF 0400 PM LOCAL TIME.

CLIMATE NORMAL PERIOD 1981 TO 2010
CLIMATE RECORD PERIOD 1921 TO 2015


WEATHER ITEM   OBSERVED TIME   RECORD YEAR NORMAL DEPARTURE LAST
                VALUE   (LST)  VALUE       VALUE  FROM      YEAR
                                                  NORMAL
..................................................................
TEMPERATURE (F)
 TODAY
  MAXIMUM         44    259 PM  76    1991  54    -10       63
  MINIMUM         38   1008 AM   8    1982  33      5       36
  AVERAGE         41                        44     -3       50

PRECIPITATION (IN)
  TODAY            0.59          0.91 2002   0.09   0.50      T
  MONTH TO DATE    0.77                      0.72   0.05     0.43
  SINCE MAR 1      1.69                      2.63  -0.94     1.64
  SINCE JAN 1      3.86                      5.74  -1.88     5.65

SNOWFALL (IN)
  TODAY            0.0           2.3  2000   0.1   -0.1      0.0
  MONTH TO DATE    T                         1.0   -1.0       T
  SINCE MAR 1      4.5                       7.5   -3.0      9.4
  SINCE JUL 1     45.0                      46.1   -1.1     82.6
  SNOW DEPTH       0

DEGREE DAYS
 HEATING
  TODAY           24                        21      3       15
  MONTH TO DATE  159                       183    -24      184
  SINCE MAR 1   1149                      1140      9     1388
  SINCE JUL 1   6457                      6228    229     6909

 COOLING
  TODAY            0                         0      0        0
  MONTH TO DATE    0                         0      0        0
  SINCE MAR 1      0                         0      0        0
  SINCE JAN 1      0                         0      0        0
..................................................................


WIND (MPH)
  HIGHEST WIND SPEED    20   HIGHEST WIND DIRECTION     E (100)
  HIGHEST GUST SPEED    24   HIGHEST GUST DIRECTION     E (110)
  AVERAGE WIND SPEED    10.6


SKY COVER
  POSSIBLE SUNSHINE  MM
  AVERAGE SKY COVER 1.0


WEATHER CONDITIONS
 THE FOLLOWING WEATHER WAS RECORDED TODAY.
  THUNDERSTORM
  HEAVY RAIN
  RAIN
  LIGHT RAIN
  FOG
  HAZE


RELATIVE HUMIDITY (PERCENT)
 HIGHEST    92           800 AM
 LOWEST     62          1200 AM
 AVERAGE    77

..........................................................


THE FLINT MI CLIMATE NORMALS FOR TOMORROW
                         NORMAL    RECORD    YEAR
 MAXIMUM TEMPERATURE (F)   55        79      1931
 MINIMUM TEMPERATURE (F)   33        18      1997


SUNRISE AND SUNSET
APRIL  8 2015.........SUNRISE   705 AM EDT   SUNSET   809 PM EDT
APRIL  9 2015.........SUNRISE   704 AM EDT   SUNSET   810 PM EDT


-  INDICATES NEGATIVE NUMBERS.
R  INDICATES RECORD WAS SET OR TIED.
MM INDICATES DATA IS MISSING.
T  INDICATES TRACE AMOUNT.




$$
