000
CDUS43 KDTX 102042
CLIFNT


CLIMATE REPORT
NATIONAL WEATHER SERVICE DETROIT/PONTIAC MI
441 PM EDT FRI APR 10 2015


...................................

...THE FLINT MI CLIMATE SUMMARY FOR APRIL 10 2015...
VALID TODAY AS OF 0400 PM LOCAL TIME.

CLIMATE NORMAL PERIOD 1981 TO 2010
CLIMATE RECORD PERIOD 1921 TO 2015


WEATHER ITEM   OBSERVED TIME   RECORD YEAR NORMAL DEPARTURE LAST
                VALUE   (LST)  VALUE       VALUE  FROM      YEAR
                                                  NORMAL
..................................................................
TEMPERATURE (F)
 TODAY
  MAXIMUM         67    349 AM  83    2011  55     12       71
  MINIMUM         43   1158 AM  16    1989  34      9       46
  AVERAGE         55                        44     11       59

PRECIPITATION (IN)
  TODAY            T             0.91 2013   0.11  -0.11      T
  MONTH TO DATE    1.13                      0.93   0.20     0.43
  SINCE MAR 1      2.05                      2.84  -0.79     1.64
  SINCE JAN 1      4.22                      5.95  -1.73     5.65

SNOWFALL (IN)
  TODAY            0.0           0.4  1982   0.1   -0.1      0.0
  MONTH TO DATE    T                         1.2   -1.2       T
  SINCE MAR 1      4.5                       7.7   -3.2      9.4
  SINCE JUL 1     45.0                      46.3   -1.3     82.6
  SNOW DEPTH       0

DEGREE DAYS
 HEATING
  TODAY           10                        21    -11        6
  MONTH TO DATE  180                       225    -45      212
  SINCE MAR 1   1170                      1182    -12     1416
  SINCE JUL 1   6478                      6270    208     6937

 COOLING
  TODAY            0                         0      0        0
  MONTH TO DATE    0                         0      0        0
  SINCE MAR 1      0                         0      0        0
  SINCE JAN 1      0                         0      0        0
..................................................................


WIND (MPH)
  HIGHEST WIND SPEED    35   HIGHEST WIND DIRECTION     W (270)
  HIGHEST GUST SPEED    45   HIGHEST GUST DIRECTION     W (280)
  AVERAGE WIND SPEED    19.6


SKY COVER
  POSSIBLE SUNSHINE  MM
  AVERAGE SKY COVER 0.8


WEATHER CONDITIONS
 THE FOLLOWING WEATHER WAS RECORDED TODAY.
  LIGHT RAIN


RELATIVE HUMIDITY (PERCENT)
 HIGHEST    78          1200 AM
 LOWEST     54           300 PM
 AVERAGE    66

..........................................................


THE FLINT MI CLIMATE NORMALS FOR TOMORROW
                         NORMAL    RECORD    YEAR
 MAXIMUM TEMPERATURE (F)   55        82      1945
 MINIMUM TEMPERATURE (F)   34        21      1989
                                             1946
                                             1943


SUNRISE AND SUNSET
APRIL 10 2015.........SUNRISE   702 AM EDT   SUNSET   811 PM EDT
APRIL 11 2015.........SUNRISE   700 AM EDT   SUNSET   813 PM EDT


-  INDICATES NEGATIVE NUMBERS.
R  INDICATES RECORD WAS SET OR TIED.
MM INDICATES DATA IS MISSING.
T  INDICATES TRACE AMOUNT.




$$
