000
CDUS43 KDTX 020537
CLIFNT


CLIMATE REPORT
NATIONAL WEATHER SERVICE DETROIT/PONTIAC MI
137 AM EDT SAT MAY 2 2015


...................................

...THE FLINT MI CLIMATE SUMMARY FOR MAY 1 2015...

CLIMATE NORMAL PERIOD 1981 TO 2010
CLIMATE RECORD PERIOD 1921 TO 2015


WEATHER ITEM   OBSERVED TIME   RECORD YEAR NORMAL DEPARTURE LAST
                VALUE   (LST)  VALUE       VALUE  FROM      YEAR
                                                  NORMAL
..................................................................
TEMPERATURE (F)
 YESTERDAY
  MAXIMUM         74    232 PM  86    1942  64     10       53
  MINIMUM         41    618 AM  26    1978  40      1       43
                                      1963
  AVERAGE         58                        52      6       48

PRECIPITATION (IN)
  YESTERDAY        0.00          1.39 2003   0.10  -0.10     0.18
  MONTH TO DATE    0.00                      0.10  -0.10     0.18
  SINCE MAR 1      2.55                      4.90  -2.35     3.87
  SINCE JAN 1      4.72                      8.01  -3.29     7.88

SNOWFALL (IN)
  YESTERDAY        0.0           0.3    MM   0.0    0.0      0.0
  MONTH TO DATE    0.0                       0.0    0.0      0.0
  SINCE MAR 1      4.8                       8.8   -4.0     10.7
  SINCE JUL 1     45.3                      47.4   -2.1     83.9
  SNOW DEPTH       0

DEGREE DAYS
 HEATING
  YESTERDAY        7                        13     -6       17
  MONTH TO DATE    7                        13     -6       17
  SINCE MAR 1   1488                      1532    -44     1748
  SINCE JUL 1   6796                      6620    176     7269

 COOLING
  YESTERDAY        0                         0      0        0
  MONTH TO DATE    0                         0      0        0
  SINCE MAR 1      0                         4     -4        0
  SINCE JAN 1      0                         4     -4        0
..................................................................


WIND (MPH)
  HIGHEST WIND SPEED    17   HIGHEST WIND DIRECTION     N (20)
  HIGHEST GUST SPEED    24   HIGHEST GUST DIRECTION    NW (330)
  AVERAGE WIND SPEED     6.9


SKY COVER
  POSSIBLE SUNSHINE  MM
  AVERAGE SKY COVER 0.0


WEATHER CONDITIONS
 THE FOLLOWING WEATHER WAS RECORDED YESTERDAY.
  NO SIGNIFICANT WEATHER WAS OBSERVED.


RELATIVE HUMIDITY (PERCENT)
 HIGHEST    83           200 AM
 LOWEST     23           300 PM
 AVERAGE    53

..........................................................


THE FLINT MI CLIMATE NORMALS FOR TODAY
                         NORMAL    RECORD    YEAR
 MAXIMUM TEMPERATURE (F)   64        85      2012
 MINIMUM TEMPERATURE (F)   41        27      1984


SUNRISE AND SUNSET
MAY  2 2015...........SUNRISE   628 AM EDT   SUNSET   837 PM EDT
MAY  3 2015...........SUNRISE   626 AM EDT   SUNSET   838 PM EDT


-  INDICATES NEGATIVE NUMBERS.
R  INDICATES RECORD WAS SET OR TIED.
MM INDICATES DATA IS MISSING.
T  INDICATES TRACE AMOUNT.




$$
