000
CDUS43 KDTX 182027
CLIFNT


CLIMATE REPORT
NATIONAL WEATHER SERVICE DETROIT/PONTIAC MI
426 PM EDT SAT APR 18 2015


...................................

...THE FLINT MI CLIMATE SUMMARY FOR APRIL 18 2015...
VALID TODAY AS OF 0400 PM LOCAL TIME.

CLIMATE NORMAL PERIOD 1981 TO 2010
CLIMATE RECORD PERIOD 1921 TO 2015


WEATHER ITEM   OBSERVED TIME   RECORD YEAR NORMAL DEPARTURE LAST
                VALUE   (LST)  VALUE       VALUE  FROM      YEAR
                                                  NORMAL
..................................................................
TEMPERATURE (F)
 TODAY
  MAXIMUM         70    218 PM  87    2004  59     11       62
  MINIMUM         45    321 AM  22    1990  36      9       36
                                      1921
  AVERAGE         58                        48     10       49

PRECIPITATION (IN)
  TODAY            0.00          2.69 1975   0.10  -0.10     0.09
  MONTH TO DATE    1.19                      1.75  -0.56     0.95
  SINCE MAR 1      2.11                      3.66  -1.55     2.16
  SINCE JAN 1      4.28                      6.77  -2.49     6.17

SNOWFALL (IN)
  TODAY            0.0           1.6  2011   0.1   -0.1      0.0
  MONTH TO DATE    T                         1.9   -1.9      1.3
  SINCE MAR 1      4.5                       8.4   -3.9     10.7
  SINCE JUL 1     45.0                      47.0   -2.0     83.9
  SNOW DEPTH       0

DEGREE DAYS
 HEATING
  TODAY            7                        18    -11       16
  MONTH TO DATE  268                       377   -109      360
  SINCE MAR 1   1258                      1334    -76     1564
  SINCE JUL 1   6566                      6422    144     7085

 COOLING
  TODAY            0                         0      0        0
  MONTH TO DATE    0                         0      0        0
  SINCE MAR 1      0                         0      0        0
  SINCE JAN 1      0                         0      0        0
..................................................................


WIND (MPH)
  HIGHEST WIND SPEED    21   HIGHEST WIND DIRECTION    NE (30)
  HIGHEST GUST SPEED    26   HIGHEST GUST DIRECTION    NE (50)
  AVERAGE WIND SPEED     8.3


SKY COVER
  POSSIBLE SUNSHINE  MM
  AVERAGE SKY COVER 0.0


WEATHER CONDITIONS
 THE FOLLOWING WEATHER WAS RECORDED TODAY.
  NO SIGNIFICANT WEATHER WAS OBSERVED.


RELATIVE HUMIDITY (PERCENT)
 HIGHEST    76           300 AM
 LOWEST     22           300 PM
 AVERAGE    49

..........................................................


THE FLINT MI CLIMATE NORMALS FOR TOMORROW
                         NORMAL    RECORD    YEAR
 MAXIMUM TEMPERATURE (F)   59        83      2005
 MINIMUM TEMPERATURE (F)   37        22      1926


SUNRISE AND SUNSET
APRIL 18 2015.........SUNRISE   649 AM EDT   SUNSET   821 PM EDT
APRIL 19 2015.........SUNRISE   647 AM EDT   SUNSET   822 PM EDT


-  INDICATES NEGATIVE NUMBERS.
R  INDICATES RECORD WAS SET OR TIED.
MM INDICATES DATA IS MISSING.
T  INDICATES TRACE AMOUNT.




$$
