000
CDUS43 KDTX 120535
CLIFNT


CLIMATE REPORT
NATIONAL WEATHER SERVICE DETROIT/PONTIAC MI
135 AM EDT SUN APR 12 2015


...................................

...THE FLINT MI CLIMATE SUMMARY FOR APRIL 11 2015...

CLIMATE NORMAL PERIOD 1981 TO 2010
CLIMATE RECORD PERIOD 1921 TO 2015


WEATHER ITEM   OBSERVED TIME   RECORD YEAR NORMAL DEPARTURE LAST
                VALUE   (LST)  VALUE       VALUE  FROM      YEAR
                                                  NORMAL
..................................................................
TEMPERATURE (F)
 YESTERDAY
  MAXIMUM         62    404 PM  82    1945  55      7       67
  MINIMUM         34    539 AM  21    1989  34      0       31
                                      1946
                                      1943
  AVERAGE         48                        45      3       49

PRECIPITATION (IN)
  YESTERDAY        0.00          1.58 1922   0.10  -0.10     0.00
  MONTH TO DATE    1.17                      1.03   0.14     0.43
  SINCE MAR 1      2.09                      2.94  -0.85     1.64
  SINCE JAN 1      4.26                      6.05  -1.79     5.65

SNOWFALL (IN)
  YESTERDAY        0.0           0.9  2000   0.1   -0.1      0.0
  MONTH TO DATE    T                         1.3   -1.3       T
  SINCE MAR 1      4.5                       7.8   -3.3      9.4
  SINCE JUL 1     45.0                      46.4   -1.4     82.6
  SNOW DEPTH       0

DEGREE DAYS
 HEATING
  YESTERDAY       17                        20     -3       16
  MONTH TO DATE  199                       245    -46      228
  SINCE MAR 1   1189                      1202    -13     1432
  SINCE JUL 1   6497                      6290    207     6953

 COOLING
  YESTERDAY        0                         0      0        0
  MONTH TO DATE    0                         0      0        0
  SINCE MAR 1      0                         0      0        0
  SINCE JAN 1      0                         0      0        0
..................................................................


WIND (MPH)
  HIGHEST WIND SPEED    20   HIGHEST WIND DIRECTION     W (280)
  HIGHEST GUST SPEED    27   HIGHEST GUST DIRECTION     W (280)
  AVERAGE WIND SPEED     8.4


SKY COVER
  POSSIBLE SUNSHINE  MM
  AVERAGE SKY COVER 0.3


WEATHER CONDITIONS
 THE FOLLOWING WEATHER WAS RECORDED YESTERDAY.
  NO SIGNIFICANT WEATHER WAS OBSERVED.


RELATIVE HUMIDITY (PERCENT)
 HIGHEST    82           300 AM
 LOWEST     32           400 PM
 AVERAGE    57

..........................................................


THE FLINT MI CLIMATE NORMALS FOR TODAY
                         NORMAL    RECORD    YEAR
 MAXIMUM TEMPERATURE (F)   56        81      1977
 MINIMUM TEMPERATURE (F)   34        19      1950
                                             1940


SUNRISE AND SUNSET
APRIL 12 2015.........SUNRISE   659 AM EDT   SUNSET   814 PM EDT
APRIL 13 2015.........SUNRISE   657 AM EDT   SUNSET   815 PM EDT


-  INDICATES NEGATIVE NUMBERS.
R  INDICATES RECORD WAS SET OR TIED.
MM INDICATES DATA IS MISSING.
T  INDICATES TRACE AMOUNT.




$$
